CRAN Package Check Results for Package comprehenr

Last updated on 2024-07-24 15:51:33 CEST.

Flavor Version Tinstall Tcheck Ttotal Status Flags
r-devel-linux-x86_64-debian-clang 0.6.10 2.17 27.52 29.69 NOTE
r-devel-linux-x86_64-debian-gcc 0.6.10 1.40 21.20 22.60 NOTE
r-devel-linux-x86_64-fedora-clang 0.6.10 38.50 NOTE
r-devel-linux-x86_64-fedora-gcc 0.6.10 48.75 NOTE
r-devel-windows-x86_64 0.6.10 4.00 44.00 48.00 NOTE
r-patched-linux-x86_64 0.6.10 1.93 26.63 28.56 NOTE
r-release-linux-x86_64 0.6.10 1.58 26.85 28.43 NOTE
r-release-macos-arm64 0.6.10 22.00 NOTE
r-release-macos-x86_64 0.6.10 33.00 NOTE
r-release-windows-x86_64 0.6.10 4.00 44.00 48.00 NOTE
r-oldrel-macos-arm64 0.6.10 23.00 NOTE
r-oldrel-macos-x86_64 0.6.10 29.00 NOTE
r-oldrel-windows-x86_64 0.6.10 3.00 44.00 47.00 NOTE

Check Details

Version: 0.6.10
Check: LazyData
Result: NOTE 'LazyData' is specified without a 'data' directory Flavors: r-devel-linux-x86_64-debian-clang, r-devel-linux-x86_64-debian-gcc, r-devel-linux-x86_64-fedora-clang, r-devel-linux-x86_64-fedora-gcc, r-devel-windows-x86_64, r-patched-linux-x86_64, r-release-linux-x86_64, r-release-macos-arm64, r-release-macos-x86_64, r-release-windows-x86_64, r-oldrel-macos-arm64, r-oldrel-macos-x86_64, r-oldrel-windows-x86_64