Last updated on 2023-12-11 16:52:51 CET.
Flavor | Version | Tinstall | Tcheck | Ttotal | Status | Flags |
---|---|---|---|---|---|---|
r-devel-linux-x86_64-debian-clang | 1.1 | 3.75 | 46.97 | 50.72 | NOTE | |
r-devel-linux-x86_64-debian-gcc | 1.1 | 4.13 | 35.32 | 39.45 | NOTE | |
r-devel-linux-x86_64-fedora-clang | 1.1 | 63.62 | OK | |||
r-devel-linux-x86_64-fedora-gcc | 1.1 | 60.97 | OK | |||
r-devel-windows-x86_64 | 1.1 | 5.00 | 60.00 | 65.00 | OK | |
r-patched-linux-x86_64 | 1.1 | 6.38 | 43.39 | 49.77 | OK | |
r-release-linux-x86_64 | 1.1 | 4.37 | 43.82 | 48.19 | OK | |
r-release-macos-arm64 | 1.1 | 23.00 | OK | |||
r-release-macos-x86_64 | 1.1 | 43.00 | OK | |||
r-release-windows-x86_64 | 1.1 | 6.00 | 65.00 | 71.00 | OK | |
r-oldrel-macos-arm64 | 1.1 | 26.00 | OK | |||
r-oldrel-macos-x86_64 | 1.1 | 33.00 | OK | |||
r-oldrel-windows-x86_64 | 1.1 | 8.00 | 61.00 | 69.00 | OK |
Version: 1.1
Check: Rd files
Result: NOTE
checkRd: (-1) CuHallData.Rd:31: Lost braces in \itemize; meant \describe ?
checkRd: (-1) CuHallData.Rd:32: Lost braces in \itemize; meant \describe ?
checkRd: (-1) CuHallData.Rd:33: Lost braces in \itemize; meant \describe ?
checkRd: (-1) CuHallData.Rd:34-35: Lost braces in \itemize; meant \describe ?
checkRd: (-1) CuHallData.Rd:36: Lost braces in \itemize; meant \describe ?
checkRd: (-1) CuHallData.Rd:37: Lost braces in \itemize; meant \describe ?
checkRd: (-1) CuHallData.Rd:38: Lost braces in \itemize; meant \describe ?
checkRd: (-1) CuHallData.Rd:39: Lost braces in \itemize; meant \describe ?
checkRd: (-1) CuHallData.Rd:40: Lost braces in \itemize; meant \describe ?
checkRd: (-1) CuHallData.Rd:41: Lost braces in \itemize; meant \describe ?
checkRd: (-1) CuHallData.Rd:42: Lost braces in \itemize; meant \describe ?
checkRd: (-1) CuHallData.Rd:43: Lost braces in \itemize; meant \describe ?
Flavors: r-devel-linux-x86_64-debian-clang, r-devel-linux-x86_64-debian-gcc