CRAN Package Check Results for Package compendiumdb

Last updated on 2020-04-05 05:47:08 CEST.

Flavor Version Tinstall Tcheck Ttotal Status Flags
r-devel-linux-x86_64-debian-clang 1.0.3 8.98 76.03 85.01 NOTE
r-devel-linux-x86_64-debian-gcc 1.0.3 8.60 56.92 65.52 NOTE
r-devel-linux-x86_64-fedora-clang 1.0.3 100.13 NOTE
r-devel-linux-x86_64-fedora-gcc 1.0.3 100.72 NOTE
r-devel-windows-ix86+x86_64 1.0.3 16.00 77.00 93.00 NOTE
r-devel-windows-ix86+x86_64-gcc8 1.0.3 20.00 80.00 100.00 NOTE
r-patched-linux-x86_64 1.0.3 8.42 71.14 79.56 NOTE
r-patched-solaris-x86 1.0.3 141.10 NOTE
r-release-linux-x86_64 1.0.3 6.46 64.47 70.93 NOTE
r-release-windows-ix86+x86_64 1.0.3 17.00 139.00 156.00 NOTE
r-release-osx-x86_64 1.0.3 NOTE
r-oldrel-windows-ix86+x86_64 1.0.3 19.00 87.00 106.00 NOTE
r-oldrel-osx-x86_64 1.0.3 NOTE

Check Details

Version: 1.0.3
Check: package dependencies
Result: NOTE
    Package suggested but not available for checking: 'inSilicoDb'
Flavors: r-devel-linux-x86_64-debian-clang, r-devel-linux-x86_64-debian-gcc, r-devel-linux-x86_64-fedora-clang, r-devel-linux-x86_64-fedora-gcc, r-devel-windows-ix86+x86_64, r-devel-windows-ix86+x86_64-gcc8, r-patched-linux-x86_64, r-patched-solaris-x86, r-release-linux-x86_64, r-release-windows-ix86+x86_64, r-oldrel-windows-ix86+x86_64

Version: 1.0.3
Check: package dependencies
Result: NOTE
    Packages suggested but not available for checking:
     'inSilicoDb', 'mogene10sttranscriptcluster.db'
Flavor: r-release-osx-x86_64

Version: 1.0.3
Check: package dependencies
Result: NOTE
    Packages suggested but not available for checking:
     ‘inSilicoDb’ ‘mogene10sttranscriptcluster.db’
Flavor: r-oldrel-osx-x86_64