CRAN Package Check Results for Package compboost

Last updated on 2020-10-27 17:52:39 CET.

Flavor Version Tinstall Tcheck Ttotal Status Flags
r-devel-linux-x86_64-debian-clang 0.1.0 251.38 141.82 393.20 OK
r-devel-linux-x86_64-debian-gcc 0.1.0 203.31 99.98 303.29 OK
r-devel-linux-x86_64-fedora-clang 0.1.0 529.77 NOTE
r-devel-linux-x86_64-fedora-gcc 0.1.0 518.78 NOTE
r-devel-windows-ix86+x86_64 0.1.0 560.00 281.00 841.00 NOTE
r-patched-linux-x86_64 0.1.0 OK
r-patched-solaris-x86 0.1.0 437.10 NOTE
r-release-linux-x86_64 0.1.0 246.94 132.91 379.85 OK
r-release-macos-x86_64 0.1.0 NOTE
r-release-windows-ix86+x86_64 0.1.0 420.00 194.00 614.00 NOTE
r-oldrel-macos-x86_64 0.1.0 NOTE
r-oldrel-windows-ix86+x86_64 0.1.0 467.00 243.00 710.00 OK

Additional issues

clang-UBSAN gcc-UBSAN valgrind

Check Details

Version: 0.1.0
Check: installed package size
Result: NOTE
     installed size is 22.8Mb
     sub-directories of 1Mb or more:
     libs 22.3Mb
Flavors: r-devel-linux-x86_64-fedora-clang, r-devel-windows-ix86+x86_64, r-release-macos-x86_64, r-release-windows-ix86+x86_64, r-oldrel-macos-x86_64

Version: 0.1.0
Check: dependencies in R code
Result: NOTE
    Namespaces in Imports field not imported from:
     ‘R6’ ‘checkmate’ ‘methods’
     All declared Imports should be used.
Flavors: r-devel-linux-x86_64-fedora-clang, r-devel-linux-x86_64-fedora-gcc, r-patched-solaris-x86, r-release-macos-x86_64, r-oldrel-macos-x86_64