CRAN Package Check Results for Package comparison

Last updated on 2020-04-05 05:47:07 CEST.

Flavor Version Tinstall Tcheck Ttotal Status Flags
r-devel-linux-x86_64-debian-clang 1.0-4 2.77 49.32 52.09 NOTE
r-devel-linux-x86_64-debian-gcc 1.0-4 2.28 37.47 39.75 NOTE
r-devel-linux-x86_64-fedora-clang 1.0-4 62.53 NOTE
r-devel-linux-x86_64-fedora-gcc 1.0-4 60.81 NOTE
r-devel-windows-ix86+x86_64 1.0-4 6.00 80.00 86.00 NOTE
r-devel-windows-ix86+x86_64-gcc8 1.0-4 5.00 59.00 64.00 NOTE
r-patched-linux-x86_64 1.0-4 2.49 47.91 50.40 NOTE
r-patched-solaris-x86 1.0-4 81.40 NOTE
r-release-linux-x86_64 1.0-4 2.59 42.88 45.47 NOTE
r-release-windows-ix86+x86_64 1.0-4 5.00 74.00 79.00 NOTE
r-release-osx-x86_64 1.0-4 NOTE
r-oldrel-windows-ix86+x86_64 1.0-4 4.00 55.00 59.00 NOTE
r-oldrel-osx-x86_64 1.0-4 NOTE

Check Details

Version: 1.0-4
Check: DESCRIPTION meta-information
Result: NOTE
    Malformed Description field: should contain one or more complete sentences.
Flavors: r-devel-linux-x86_64-debian-clang, r-devel-linux-x86_64-debian-gcc, r-devel-linux-x86_64-fedora-clang, r-devel-linux-x86_64-fedora-gcc, r-devel-windows-ix86+x86_64, r-devel-windows-ix86+x86_64-gcc8, r-patched-linux-x86_64, r-patched-solaris-x86, r-release-linux-x86_64, r-release-windows-ix86+x86_64, r-release-osx-x86_64, r-oldrel-windows-ix86+x86_64, r-oldrel-osx-x86_64

Version: 1.0-4
Check: R code for possible problems
Result: NOTE
    two.level.comparison.items: no visible global function definition for
     'complete.cases'
    two.level.components: no visible global function definition for
     'complete.cases'
    plot,ece: no visible global function definition for 'par'
    plot,ece: no visible global function definition for 'points'
    plot,ece: no visible global function definition for 'mtext'
    plot,ece: no visible global function definition for 'legend'
    plot,ece: no visible global function definition for 'abline'
    Undefined global functions or variables:
     abline complete.cases legend mtext par points
    Consider adding
     importFrom("graphics", "abline", "legend", "mtext", "par", "points")
     importFrom("stats", "complete.cases")
    to your NAMESPACE file.
Flavors: r-devel-linux-x86_64-debian-clang, r-devel-linux-x86_64-debian-gcc, r-devel-linux-x86_64-fedora-clang, r-devel-linux-x86_64-fedora-gcc, r-devel-windows-ix86+x86_64, r-devel-windows-ix86+x86_64-gcc8, r-patched-linux-x86_64, r-patched-solaris-x86, r-release-linux-x86_64, r-release-windows-ix86+x86_64, r-release-osx-x86_64, r-oldrel-windows-ix86+x86_64, r-oldrel-osx-x86_64