CRAN Package Check Results for Package comparer

Last updated on 2022-09-27 20:52:58 CEST.

Flavor Version Tinstall Tcheck Ttotal Status Flags
r-devel-linux-x86_64-debian-clang 0.2.2 7.83 54.28 62.11 OK
r-devel-linux-x86_64-debian-gcc 0.2.2 5.81 40.49 46.30 OK
r-devel-linux-x86_64-fedora-clang 0.2.2 88.27 NOTE
r-devel-linux-x86_64-fedora-gcc 0.2.2 84.89 NOTE
r-devel-windows-x86_64 0.2.2 16.00 100.00 116.00 OK
r-patched-linux-x86_64 0.2.2 6.94 52.41 59.35 OK
r-release-linux-x86_64 0.2.2 5.14 50.68 55.82 OK
r-release-macos-arm64 0.2.2 36.00 NOTE
r-release-macos-x86_64 0.2.2 50.00 NOTE
r-release-windows-x86_64 0.2.2 17.00 100.00 117.00 OK
r-oldrel-macos-arm64 0.2.2 51.00 NOTE
r-oldrel-macos-x86_64 0.2.2 60.00 NOTE
r-oldrel-windows-ix86+x86_64 0.2.2 12.00 92.00 104.00 OK

Check Details

Version: 0.2.2
Check: dependencies in R code
Result: NOTE
    Namespace in Imports field not imported from: ‘R6’
     All declared Imports should be used.
Flavors: r-devel-linux-x86_64-fedora-clang, r-devel-linux-x86_64-fedora-gcc, r-release-macos-arm64, r-release-macos-x86_64, r-oldrel-macos-arm64, r-oldrel-macos-x86_64