CRAN Package Check Results for Package compareGroups

Last updated on 2020-04-05 05:47:07 CEST.

Flavor Version Tinstall Tcheck Ttotal Status Flags
r-devel-linux-x86_64-debian-clang 4.4.1 26.19 237.43 263.62 OK
r-devel-linux-x86_64-debian-gcc 4.4.1 18.92 178.75 197.67 OK
r-devel-linux-x86_64-fedora-clang 4.4.1 311.63 NOTE
r-devel-linux-x86_64-fedora-gcc 4.4.1 295.75 OK
r-devel-windows-ix86+x86_64 4.4.1 77.00 363.00 440.00 OK
r-devel-windows-ix86+x86_64-gcc8 4.4.1 45.00 273.00 318.00 OK
r-patched-linux-x86_64 4.4.1 21.26 227.96 249.22 OK
r-patched-solaris-x86 4.4.1 477.70 NOTE
r-release-linux-x86_64 4.4.1 19.91 208.56 228.47 OK
r-release-windows-ix86+x86_64 4.4.1 45.00 519.00 564.00 OK
r-release-osx-x86_64 4.4.1 NOTE
r-oldrel-windows-ix86+x86_64 4.4.1 33.00 265.00 298.00 OK
r-oldrel-osx-x86_64 4.4.1 NOTE

Check Details

Version: 4.4.1
Check: installed package size
Result: NOTE
     installed size is 5.0Mb
     sub-directories of 1Mb or more:
     doc 2.3Mb
Flavors: r-devel-linux-x86_64-fedora-clang, r-patched-solaris-x86

Version: 4.4.1
Check: dependencies in R code
Result: NOTE
    No protocol specified
    No protocol specified
Flavors: r-release-osx-x86_64, r-oldrel-osx-x86_64