CRAN Package Check Results for Package comf

Last updated on 2021-09-19 11:49:45 CEST.

Flavor Version Tinstall Tcheck Ttotal Status Flags
r-devel-linux-x86_64-debian-clang 0.1.10 15.48 75.19 90.67 OK
r-devel-linux-x86_64-debian-gcc 0.1.10 14.08 56.10 70.18 OK
r-devel-linux-x86_64-fedora-clang 0.1.10 119.70 OK
r-devel-linux-x86_64-fedora-gcc 0.1.10 108.77 OK
r-devel-windows-x86_64 0.1.10 17.00 104.00 121.00 OK
r-devel-windows-x86_64-gcc10-UCRT 0.1.10 ERROR
r-patched-linux-x86_64 0.1.10 14.79 71.87 86.66 OK
r-patched-solaris-x86 0.1.10 136.40 OK
r-release-linux-x86_64 0.1.10 13.76 71.55 85.31 OK
r-release-macos-arm64 0.1.10 OK
r-release-macos-x86_64 0.1.10 OK
r-release-windows-ix86+x86_64 0.1.10 27.00 78.00 105.00 OK
r-oldrel-macos-x86_64 0.1.10 OK
r-oldrel-windows-ix86+x86_64 0.1.10 25.00 78.00 103.00 OK

Check Details

Version: 0.1.10
Check: whether package can be installed
Result: WARN
    Found the following significant warnings:
     WARNING: installation-time patches will not be applied, could not get the patches index
Flavor: r-devel-windows-x86_64-gcc10-UCRT

Version: 0.1.10
Check: PDF version of manual
Result: WARN
    LaTeX errors when creating PDF version.
    This typically indicates Rd problems.
Flavor: r-devel-windows-x86_64-gcc10-UCRT

Version: 0.1.10
Check: PDF version of manual without hyperrefs or index
Result: ERROR
    Re-running with no redirection of stdout/stderr.
Flavor: r-devel-windows-x86_64-gcc10-UCRT