CRAN Package Check Results for Package colourvision

Last updated on 2019-05-22 13:47:13 CEST.

Flavor Version Tinstall Tcheck Ttotal Status Flags
r-devel-linux-x86_64-debian-clang 2.0.2 9.01 98.04 107.05 OK
r-devel-linux-x86_64-debian-gcc 2.0.2 8.12 79.18 87.30 OK
r-devel-linux-x86_64-fedora-clang 2.0.2 129.00 OK
r-devel-linux-x86_64-fedora-gcc 2.0.2 127.76 OK
r-devel-windows-ix86+x86_64 2.0.2 20.00 188.00 208.00 OK
r-patched-linux-x86_64 2.0.2 8.78 99.81 108.59 OK
r-patched-solaris-x86 2.0.2 179.00 OK
r-release-linux-x86_64 2.0.2 9.48 99.28 108.76 OK
r-release-windows-ix86+x86_64 2.0.2 35.00 161.00 196.00 OK
r-release-osx-x86_64 2.0.2 WARN
r-oldrel-windows-ix86+x86_64 2.0.2 12.00 117.00 129.00 OK
r-oldrel-osx-x86_64 2.0.2 WARN

Check Details

Version: 2.0.2
Check: whether package can be installed
Result: WARN
    Found the following significant warnings:
     Warning: 'rgl_init' failed, running with rgl.useNULL = TRUE
Flavors: r-release-osx-x86_64, r-oldrel-osx-x86_64