CRAN Package Check Results for Package colourvision

Last updated on 2019-03-21 18:48:04 CET.

Flavor Version Tinstall Tcheck Ttotal Status Flags
r-devel-linux-x86_64-debian-clang 2.0.2 9.32 99.11 108.43 OK
r-devel-linux-x86_64-debian-gcc 2.0.2 7.98 78.73 86.71 OK
r-devel-linux-x86_64-fedora-clang 2.0.2 131.81 OK
r-devel-linux-x86_64-fedora-gcc 2.0.2 126.66 OK
r-devel-windows-ix86+x86_64 2.0.2 25.00 150.00 175.00 OK
r-patched-linux-x86_64 2.0.2 7.08 100.99 108.07 OK
r-patched-solaris-x86 2.0.2 177.00 OK
r-release-linux-x86_64 2.0.2 7.20 99.31 106.51 OK
r-release-windows-ix86+x86_64 2.0.2 13.00 147.00 160.00 OK
r-release-osx-x86_64 2.0.2 WARN
r-oldrel-windows-ix86+x86_64 2.0.2 19.00 165.00 184.00 OK
r-oldrel-osx-x86_64 2.0.2 WARN

Check Details

Version: 2.0.2
Check: whether package can be installed
Result: WARN
    Found the following significant warnings:
     Warning: 'rgl_init' failed, running with rgl.useNULL = TRUE
Flavors: r-release-osx-x86_64, r-oldrel-osx-x86_64