CRAN Package Check Results for Package colortools

Last updated on 2019-08-19 20:46:12 CEST.

Flavor Version Tinstall Tcheck Ttotal Status Flags
r-devel-linux-x86_64-debian-clang 0.1.5 2.46 19.63 22.09 NOTE
r-devel-linux-x86_64-debian-gcc 0.1.5 1.96 16.00 17.96 NOTE
r-devel-linux-x86_64-fedora-clang 0.1.5 27.59 NOTE
r-devel-linux-x86_64-fedora-gcc 0.1.5 26.37 NOTE
r-devel-windows-ix86+x86_64 0.1.5 8.00 39.00 47.00 NOTE
r-patched-linux-x86_64 0.1.5 2.15 19.27 21.42 NOTE
r-patched-solaris-x86 0.1.5 40.40 NOTE
r-release-linux-x86_64 0.1.5 2.06 19.47 21.53 NOTE
r-release-windows-ix86+x86_64 0.1.5 5.00 48.00 53.00 NOTE
r-release-osx-x86_64 0.1.5 NOTE
r-oldrel-windows-ix86+x86_64 0.1.5 3.00 28.00 31.00 NOTE
r-oldrel-osx-x86_64 0.1.5 NOTE

Check Details

Version: 0.1.5
Check: DESCRIPTION meta-information
Result: NOTE
    Malformed Description field: should contain one or more complete sentences.
Flavors: r-devel-linux-x86_64-debian-clang, r-devel-linux-x86_64-debian-gcc, r-devel-linux-x86_64-fedora-clang, r-devel-linux-x86_64-fedora-gcc, r-devel-windows-ix86+x86_64, r-patched-linux-x86_64, r-patched-solaris-x86, r-release-linux-x86_64, r-release-windows-ix86+x86_64, r-release-osx-x86_64, r-oldrel-windows-ix86+x86_64, r-oldrel-osx-x86_64

Version: 0.1.5
Check: R code for possible problems
Result: NOTE
    adjacent: no visible global function definition for 'col2rgb'
    anagrams: no visible global function definition for 'rgb2hsv'
    anagrams: no visible global function definition for 'col2rgb'
    anagrams: no visible global function definition for 'hsv'
    col2HSV: no visible global function definition for 'col2rgb'
    col2HSV: no visible global function definition for 'rgb2hsv'
    col2HSV: no visible global function definition for 'hsv'
    complementary: no visible global function definition for 'col2rgb'
    pals: no visible global function definition for 'par'
    pals: no visible global function definition for 'plot'
    pals: no visible global function definition for 'rect'
    pals: no visible global function definition for 'col2rgb'
    pals: no visible global function definition for 'mtext'
    pizza: no visible global function definition for 'col2rgb'
    pizza: no visible global function definition for 'par'
    pizza: no visible global function definition for 'plot.new'
    pizza: no visible global function definition for 'dev.hold'
    pizza: no visible global function definition for 'dev.flush'
    pizza: no visible global function definition for 'plot.window'
    pizza: no visible global function definition for 'polygon'
    pizza: no visible global function definition for 'lines'
    pizza: no visible global function definition for 'text'
    sequential: no visible global function definition for 'rgb2hsv'
    sequential: no visible global function definition for 'col2rgb'
    sequential: no visible global function definition for 'hsv'
    sequential: no visible global function definition for 'rect'
    sequential: no visible global function definition for 'mtext'
    sequential: no visible global function definition for 'title'
    setColors: no visible global function definition for 'col2rgb'
    setColors: no visible global function definition for 'rgb2hsv'
    setColors: no visible global function definition for 'hsv'
    splitComp: no visible global function definition for 'col2rgb'
    square: no visible global function definition for 'col2rgb'
    tetradic: no visible global function definition for 'col2rgb'
    triadic: no visible global function definition for 'col2rgb'
    wheel: no visible global function definition for 'col2rgb'
    wheel: no visible global function definition for 'par'
    wheel: no visible global function definition for 'plot.new'
    wheel: no visible global function definition for 'dev.hold'
    wheel: no visible global function definition for 'dev.flush'
    wheel: no visible global function definition for 'plot.window'
    wheel: no visible global function definition for 'polygon'
    wheel: no visible global function definition for 'lines'
    wheel: no visible global function definition for 'text'
    wheel: no visible global function definition for 'title'
    Undefined global functions or variables:
     col2rgb dev.flush dev.hold hsv lines mtext par plot plot.new
     plot.window polygon rect rgb2hsv text title
    Consider adding
     importFrom("grDevices", "col2rgb", "dev.flush", "dev.hold", "hsv",
     "rgb2hsv")
     importFrom("graphics", "lines", "mtext", "par", "plot", "plot.new",
     "plot.window", "polygon", "rect", "text", "title")
    to your NAMESPACE file.
Flavors: r-devel-linux-x86_64-debian-clang, r-devel-linux-x86_64-debian-gcc, r-devel-linux-x86_64-fedora-clang, r-devel-linux-x86_64-fedora-gcc, r-devel-windows-ix86+x86_64, r-patched-linux-x86_64, r-patched-solaris-x86, r-release-linux-x86_64, r-release-windows-ix86+x86_64, r-release-osx-x86_64, r-oldrel-windows-ix86+x86_64, r-oldrel-osx-x86_64