CRAN Package Check Results for Package colorspace

Last updated on 2021-01-20 13:47:37 CET.

Flavor Version Tinstall Tcheck Ttotal Status Flags
r-devel-linux-x86_64-debian-clang 2.0-0 12.69 100.21 112.90 OK
r-devel-linux-x86_64-debian-gcc 2.0-0 9.83 77.36 87.19 OK
r-devel-linux-x86_64-fedora-clang 2.0-0 146.32 OK
r-devel-linux-x86_64-fedora-gcc 2.0-0 136.90 OK
r-devel-windows-ix86+x86_64 2.0-0 24.00 142.00 166.00 OK
r-patched-linux-x86_64 2.0-0 12.30 95.12 107.42 OK
r-patched-solaris-x86 2.0-0 170.00 OK
r-release-linux-x86_64 2.0-0 11.67 95.21 106.88 WARN
r-release-macos-x86_64 2.0-0 OK
r-release-windows-ix86+x86_64 2.0-0 27.00 139.00 166.00 OK
r-oldrel-macos-x86_64 2.0-0 NOTE
r-oldrel-windows-ix86+x86_64 2.0-0 21.00 111.00 132.00 OK

Check Details

Version: 2.0-0
Check: re-building of vignette outputs
Result: WARN
    Error(s) in re-building vignettes:
     ...
    --- re-building ‘colorspace.Rmd’ using rmarkdown
    --- finished re-building ‘colorspace.Rmd’
    
    --- re-building ‘hcl-colors.Rnw’ using Sweave
    Loading required package: grid
    KernSmooth 2.23 loaded
    Copyright M. P. Wand 1997-2009
    Error: processing vignette 'hcl-colors.Rnw' failed with diagnostics:
    Running ‘texi2dvi’ on ‘hcl-colors.tex’ failed.
    LaTeX errors:
    ! Undefined control sequence.
    <recently read> \Hy@colorlink
    
    l.58 \begin{document}
    
    ! Undefined control sequence.
    \close@pdflink ->\Hy@endcolorlink
     \Hy@VerboseLinkStop \pdfendlink
    l.58 \begin{document}
    
    ! Undefined control sequence.
    <recently read> \Hy@colorlink
    
    l.58 \begin{document}
    
    ! Undefined control sequence.
    \close@pdflink ->\Hy@endcolorlink
     \Hy@VerboseLinkStop \pdfendlink
    l.58 \begin{document}
    
    ! Undefined control sequence.
    \hyper@linkurl ...tionraw >>}\relax \Hy@colorlink
     \@urlcolor #1\Hy@xspace@en...
    l.58 \begin{document}
    
    ! Undefined control sequence.
    \close@pdflink ->\Hy@endcolorlink
     \Hy@VerboseLinkStop \pdfendlink
    l.58 \begin{document}
    
    --- failed re-building ‘hcl-colors.Rnw’
    
    SUMMARY: processing the following file failed:
     ‘hcl-colors.Rnw’
    
    Error: Vignette re-building failed.
    Execution halted
Flavor: r-release-linux-x86_64

Version: 2.0-0
Check: dependencies in R code
Result: NOTE
    No protocol specified
    No protocol specified
Flavor: r-oldrel-macos-x86_64