CRAN Package Check Results for Package colorspace

Last updated on 2020-08-13 06:47:23 CEST.

Flavor Version Tinstall Tcheck Ttotal Status Flags
r-devel-linux-x86_64-debian-clang 1.4-1 11.60 90.87 102.47 NOTE
r-devel-linux-x86_64-debian-gcc 1.4-1 9.55 69.14 78.69 NOTE
r-devel-linux-x86_64-fedora-clang 1.4-1 131.98 NOTE
r-devel-linux-x86_64-fedora-gcc 1.4-1 121.49 NOTE
r-devel-windows-ix86+x86_64 1.4-1 32.00 182.00 214.00 OK
r-patched-linux-x86_64 1.4-1 12.21 88.71 100.92 NOTE
r-patched-solaris-x86 1.4-1 158.10 NOTE
r-release-linux-x86_64 1.4-1 11.05 88.76 99.81 NOTE
r-release-macos-x86_64 1.4-1 OK
r-release-windows-ix86+x86_64 1.4-1 38.00 185.00 223.00 OK
r-oldrel-macos-x86_64 1.4-1 OK
r-oldrel-windows-ix86+x86_64 1.4-1 25.00 119.00 144.00 OK

Check Details

Version: 1.4-1
Check: for non-standard things in the check directory
Result: NOTE
    Found the following files/directories:
     'random.txt'
Flavors: r-devel-linux-x86_64-debian-clang, r-devel-linux-x86_64-debian-gcc, r-devel-linux-x86_64-fedora-clang, r-devel-linux-x86_64-fedora-gcc, r-patched-linux-x86_64, r-patched-solaris-x86, r-release-linux-x86_64