CRAN Package Check Results for Package colorspace

Last updated on 2020-06-04 15:49:06 CEST.

Flavor Version Tinstall Tcheck Ttotal Status Flags
r-devel-linux-x86_64-debian-clang 1.4-1 12.10 89.58 101.68 NOTE
r-devel-linux-x86_64-debian-gcc 1.4-1 10.22 69.75 79.97 NOTE
r-devel-linux-x86_64-fedora-clang 1.4-1 131.56 NOTE
r-devel-linux-x86_64-fedora-gcc 1.4-1 122.47 NOTE
r-devel-windows-ix86+x86_64 1.4-1 35.00 196.00 231.00 OK
r-patched-linux-x86_64 1.4-1 11.01 89.06 100.07 NOTE
r-patched-solaris-x86 1.4-1 161.30 NOTE
r-release-linux-x86_64 1.4-1 11.42 88.76 100.18 NOTE
r-release-osx-x86_64 1.4-1 OK
r-release-windows-ix86+x86_64 1.4-1 28.00 136.00 164.00 OK
r-oldrel-osx-x86_64 1.4-1 OK
r-oldrel-windows-ix86+x86_64 1.4-1 33.00 176.00 209.00 OK

Check Details

Version: 1.4-1
Check: for non-standard things in the check directory
Result: NOTE
    Found the following files/directories:
     'random.txt'
Flavors: r-devel-linux-x86_64-debian-clang, r-devel-linux-x86_64-debian-gcc, r-devel-linux-x86_64-fedora-clang, r-devel-linux-x86_64-fedora-gcc, r-patched-linux-x86_64, r-patched-solaris-x86, r-release-linux-x86_64