CRAN Package Check Results for Package colorspace

Last updated on 2020-10-21 15:47:45 CEST.

Flavor Version Tinstall Tcheck Ttotal Status Flags
r-devel-linux-x86_64-debian-clang 1.4-1 11.62 95.82 107.44 NOTE
r-devel-linux-x86_64-debian-gcc 1.4-1 10.73 72.12 82.85 NOTE
r-devel-linux-x86_64-fedora-clang 1.4-1 136.50 NOTE
r-devel-linux-x86_64-fedora-gcc 1.4-1 126.74 NOTE
r-devel-windows-ix86+x86_64 1.4-1 26.00 168.00 194.00 OK
r-patched-linux-x86_64 1.4-1 11.70 87.67 99.37 NOTE
r-patched-solaris-x86 1.4-1 160.80 NOTE
r-release-linux-x86_64 1.4-1 11.95 88.35 100.30 NOTE
r-release-macos-x86_64 1.4-1 OK
r-release-windows-ix86+x86_64 1.4-1 27.00 126.00 153.00 OK
r-oldrel-macos-x86_64 1.4-1 OK
r-oldrel-windows-ix86+x86_64 1.4-1 21.00 151.00 172.00 OK

Check Details

Version: 1.4-1
Check: for non-standard things in the check directory
Result: NOTE
    Found the following files/directories:
     'random.txt'
Flavors: r-devel-linux-x86_64-debian-clang, r-devel-linux-x86_64-debian-gcc, r-devel-linux-x86_64-fedora-clang, r-devel-linux-x86_64-fedora-gcc, r-patched-linux-x86_64, r-patched-solaris-x86, r-release-linux-x86_64