CRAN Package Check Results for Package colorspace

Last updated on 2019-10-22 15:46:59 CEST.

Flavor Version Tinstall Tcheck Ttotal Status Flags
r-devel-linux-x86_64-debian-clang 1.4-1 8.08 78.58 86.66 NOTE
r-devel-linux-x86_64-debian-gcc 1.4-1 6.82 61.42 68.24 NOTE
r-devel-linux-x86_64-fedora-clang 1.4-1 106.96 NOTE
r-devel-linux-x86_64-fedora-gcc 1.4-1 106.59 NOTE
r-devel-windows-ix86+x86_64 1.4-1 38.00 159.00 197.00 OK
r-patched-linux-x86_64 1.4-1 7.73 78.46 86.19 OK
r-patched-solaris-x86 1.4-1 145.90 OK
r-release-linux-x86_64 1.4-1 8.34 76.95 85.29 OK
r-release-windows-ix86+x86_64 1.4-1 36.00 170.00 206.00 OK
r-release-osx-x86_64 1.4-1 OK
r-oldrel-windows-ix86+x86_64 1.4-1 34.00 130.00 164.00 OK
r-oldrel-osx-x86_64 1.4-1 OK

Check Details

Version: 1.4-1
Check: for non-standard things in the check directory
Result: NOTE
    Found the following files/directories:
     'random.txt'
Flavors: r-devel-linux-x86_64-debian-clang, r-devel-linux-x86_64-debian-gcc, r-devel-linux-x86_64-fedora-clang, r-devel-linux-x86_64-fedora-gcc