CRAN Package Check Results for Package colorspace

Last updated on 2021-04-14 11:52:10 CEST.

Flavor Version Tinstall Tcheck Ttotal Status Flags
r-devel-linux-x86_64-debian-clang 2.0-0 12.84 101.48 114.32 OK
r-devel-linux-x86_64-debian-gcc 2.0-0 10.07 77.45 87.52 OK
r-devel-linux-x86_64-fedora-clang 2.0-0 147.28 OK
r-devel-linux-x86_64-fedora-gcc 2.0-0 136.78 OK
r-devel-windows-ix86+x86_64 2.0-0 28.00 165.00 193.00 OK
r-devel-windows-x86_64-gcc10-UCRT 2.0-0 OK
r-patched-linux-x86_64 2.0-0 11.30 95.80 107.10 OK
r-patched-solaris-x86 2.0-0 179.50 OK
r-release-linux-x86_64 2.0-0 11.55 96.09 107.64 OK
r-release-macos-x86_64 2.0-0 OK
r-release-windows-ix86+x86_64 2.0-0 26.00 165.00 191.00 OK
r-oldrel-macos-x86_64 2.0-0 NOTE
r-oldrel-windows-ix86+x86_64 2.0-0 23.00 121.00 144.00 OK

Check Details

Version: 2.0-0
Check: dependencies in R code
Result: NOTE
    No protocol specified
    No protocol specified
Flavor: r-oldrel-macos-x86_64