CRAN Package Check Results for Package colorspace

Last updated on 2019-08-21 23:51:24 CEST.

Flavor Version Tinstall Tcheck Ttotal Status Flags
r-devel-linux-x86_64-debian-clang 1.4-1 8.49 81.16 89.65 NOTE
r-devel-linux-x86_64-debian-gcc 1.4-1 7.16 61.61 68.77 NOTE
r-devel-linux-x86_64-fedora-clang 1.4-1 109.13 NOTE
r-devel-linux-x86_64-fedora-gcc 1.4-1 108.60 NOTE
r-devel-windows-ix86+x86_64 1.4-1 36.00 165.00 201.00 OK
r-patched-linux-x86_64 1.4-1 7.42 78.53 85.95 OK
r-patched-solaris-x86 1.4-1 150.30 OK
r-release-linux-x86_64 1.4-1 7.54 78.49 86.03 OK
r-release-windows-ix86+x86_64 1.4-1 28.00 176.00 204.00 OK
r-release-osx-x86_64 1.4-1 OK
r-oldrel-windows-ix86+x86_64 1.4-1 35.00 172.00 207.00 OK
r-oldrel-osx-x86_64 1.4-1 OK

Check Details

Version: 1.4-1
Check: for non-standard things in the check directory
Result: NOTE
    Found the following files/directories:
     'random.txt'
Flavors: r-devel-linux-x86_64-debian-clang, r-devel-linux-x86_64-debian-gcc, r-devel-linux-x86_64-fedora-clang, r-devel-linux-x86_64-fedora-gcc