CRAN Package Check Results for Package colorfindr

Last updated on 2021-06-17 03:50:53 CEST.

Flavor Version Tinstall Tcheck Ttotal Status Flags
r-devel-linux-x86_64-debian-clang 0.1.4 7.96 74.74 82.70 NOTE
r-devel-linux-x86_64-debian-gcc 0.1.4 6.03 54.92 60.95 NOTE
r-devel-linux-x86_64-fedora-clang 0.1.4 105.11 NOTE
r-devel-linux-x86_64-fedora-gcc 0.1.4 92.16 NOTE
r-devel-windows-x86_64 0.1.4 12.00 99.00 111.00 NOTE
r-devel-windows-x86_64-gcc10-UCRT 0.1.4 NOTE
r-patched-linux-x86_64 0.1.4 11.84 68.23 80.07 NOTE
r-release-linux-x86_64 0.1.4 7.74 68.55 76.29 NOTE
r-release-macos-arm64 0.1.4 NOTE
r-release-macos-x86_64 0.1.4 NOTE
r-release-windows-ix86+x86_64 0.1.4 19.00 100.00 119.00 NOTE
r-oldrel-macos-x86_64 0.1.4 OK
r-oldrel-windows-ix86+x86_64 0.1.4 14.00 102.00 116.00 OK

Check Details

Version: 0.1.4
Check: LazyData
Result: NOTE
     'LazyData' is specified without a 'data' directory
Flavors: r-devel-linux-x86_64-debian-clang, r-devel-linux-x86_64-debian-gcc, r-devel-linux-x86_64-fedora-clang, r-devel-linux-x86_64-fedora-gcc, r-devel-windows-x86_64, r-devel-windows-x86_64-gcc10-UCRT, r-patched-linux-x86_64, r-release-linux-x86_64, r-release-macos-arm64, r-release-macos-x86_64, r-release-windows-ix86+x86_64