CRAN Package Check Results for Package colorednoise

Last updated on 2019-08-19 22:47:02 CEST.

Flavor Version Tinstall Tcheck Ttotal Status Flags
r-devel-linux-x86_64-debian-clang 1.0.4 35.58 225.55 261.13 OK
r-devel-linux-x86_64-debian-gcc 1.0.4 30.23 165.59 195.82 OK
r-devel-linux-x86_64-fedora-clang 1.0.4 314.30 OK
r-devel-linux-x86_64-fedora-gcc 1.0.4 308.54 OK
r-devel-windows-ix86+x86_64 1.0.4 98.00 357.00 455.00 OK
r-patched-linux-x86_64 1.0.4 37.75 220.94 258.69 OK
r-patched-solaris-x86 1.0.4 437.50 OK
r-release-linux-x86_64 1.0.4 34.75 206.78 241.53 WARN
r-release-windows-ix86+x86_64 1.0.4 77.00 286.00 363.00 OK
r-release-osx-x86_64 1.0.4 OK
r-oldrel-windows-ix86+x86_64 1.0.4 103.00 375.00 478.00 OK
r-oldrel-osx-x86_64 1.0.4 OK

Check Details

Version: 1.0.4
Check: re-building of vignette outputs
Result: WARN
    Error(s) in re-building vignettes:
     ...
    --- re-building ‘noise.Rmd’ using rmarkdown
    
     *** caught segfault ***
    address 0x10, cause 'memory not mapped'
    Segmentation fault
Flavor: r-release-linux-x86_64