CRAN Package Check Results for Package colorednoise

Last updated on 2020-08-03 21:48:37 CEST.

Flavor Version Tinstall Tcheck Ttotal Status Flags
r-devel-linux-x86_64-debian-clang 1.0.5 51.62 0.02 51.64 FAIL --no-vignettes
r-devel-linux-x86_64-debian-gcc 1.0.5 36.63 0.01 36.64 FAIL --no-vignettes
r-devel-linux-x86_64-fedora-clang 1.0.5 122.69 ERROR
r-devel-linux-x86_64-fedora-gcc 1.0.5 105.20 ERROR
r-devel-windows-ix86+x86_64 1.0.5 132.00 952.00 1084.00 OK
r-patched-linux-x86_64 1.0.5 38.96 0.01 38.97 FAIL --no-vignettes
r-patched-solaris-x86 1.0.5 124.50 ERROR
r-release-linux-x86_64 1.0.5 39.31 0.01 39.32 FAIL --no-vignettes
r-release-macos-x86_64 1.0.5 OK
r-release-windows-ix86+x86_64 1.0.5 142.00 1032.00 1174.00 OK
r-oldrel-macos-x86_64 1.0.5 OK
r-oldrel-windows-ix86+x86_64 1.0.5 98.00 0.00 98.00 FAIL

Check Details

Version: 1.0.5
Flags: --no-vignettes
Check: examples
Result: ERROR
    Running examples in 'colorednoise-Ex.R' failed
    The error most likely occurred in:
    
    > base::assign(".ptime", proc.time(), pos = "CheckExEnv")
    > ### Name: autocorr_sim
    > ### Title: Simulate Temporally Autocorrelated Populations for Every
    > ### Combination of Parameters
    > ### Aliases: autocorr_sim
    >
    > ### ** Examples
    >
    > survival_range <- autocorr_sim(timesteps = 30, start = 200, survPhi = 0.3, fecundPhi = 0.1,
    + survMean = c(0.2, 0.3, 0.4, 0.5, 0.6), survSd = 0.5,
    + fecundMean = 1.1, fecundSd = 0.5, replicates = 50)
    Error in .f(start = .l[[1L]][[i]], timesteps = .l[[2L]][[i]], survPhi = .l[[3L]][[i]], :
     function 'enterRNGScope' not provided by package 'Rcpp'
    Calls: autocorr_sim ... <Anonymous> -> rerun -> eval_dots -> lapply -> FUN -> pmap -> .f
    Execution halted
Flavors: r-devel-linux-x86_64-debian-clang, r-devel-linux-x86_64-debian-gcc, r-patched-linux-x86_64, r-release-linux-x86_64

Version: 1.0.5
Flags: --no-vignettes
Check: tests
Result: FAIL
Flavors: r-devel-linux-x86_64-debian-clang, r-devel-linux-x86_64-debian-gcc, r-patched-linux-x86_64, r-release-linux-x86_64

Version: 1.0.5
Check: examples
Result: ERROR
    Running examples in ‘colorednoise-Ex.R’ failed
    The error most likely occurred in:
    
    > ### Name: autocorr_sim
    > ### Title: Simulate Temporally Autocorrelated Populations for Every
    > ### Combination of Parameters
    > ### Aliases: autocorr_sim
    >
    > ### ** Examples
    >
    > survival_range <- autocorr_sim(timesteps = 30, start = 200, survPhi = 0.3, fecundPhi = 0.1,
    + survMean = c(0.2, 0.3, 0.4, 0.5, 0.6), survSd = 0.5,
    + fecundMean = 1.1, fecundSd = 0.5, replicates = 50)
    Error in .f(start = .l[[1L]][[i]], timesteps = .l[[2L]][[i]], survPhi = .l[[3L]][[i]], :
     function 'enterRNGScope' not provided by package 'Rcpp'
    Calls: autocorr_sim ... <Anonymous> -> rerun -> eval_dots -> lapply -> FUN -> pmap -> .f
    Execution halted
Flavors: r-devel-linux-x86_64-fedora-clang, r-devel-linux-x86_64-fedora-gcc, r-patched-solaris-x86

Version: 1.0.5
Check: tests
Result: ERROR
     Running ‘testthat.R’
Flavor: r-devel-linux-x86_64-fedora-clang

Version: 1.0.5
Check: re-building of vignette outputs
Result: WARN
    Error(s) in re-building vignettes:
    --- re-building ‘noise.Rmd’ using rmarkdown
    Quitting from lines 36-40 (noise.Rmd)
    Error: processing vignette 'noise.Rmd' failed with diagnostics:
    function 'enterRNGScope' not provided by package 'Rcpp'
    --- failed re-building ‘noise.Rmd’
    
    SUMMARY: processing the following file failed:
     ‘noise.Rmd’
    
    Error: Vignette re-building failed.
    Execution halted
Flavors: r-devel-linux-x86_64-fedora-clang, r-devel-linux-x86_64-fedora-gcc

Version: 1.0.5
Check: tests
Result: ERROR
     Running ‘testthat.R’ [0m/90m]
    Running the tests in ‘tests/testthat.R’ failed.
    Complete output:
     > library(testthat)
     > library(colorednoise)
     >
     > test_check("colorednoise")
     ── 1. Error: colored noise can produce blue noise ─────────────────────────────
     function 'enterRNGScope' not provided by package 'Rcpp'
     Backtrace:
     1. purrr::rerun(...)
     3. colorednoise::colored_noise(...)
Flavor: r-devel-linux-x86_64-fedora-gcc

Version: 1.0.5
Check: PDF version of manual
Result: WARN
    LaTeX errors when creating PDF version.
    This typically indicates Rd problems.
Flavor: r-devel-linux-x86_64-fedora-gcc

Version: 1.0.5
Check: PDF version of manual without hyperrefs or index
Result: ERROR
    Re-running with no redirection of stdout/stderr.
Flavor: r-devel-linux-x86_64-fedora-gcc

Version: 1.0.5
Check: tests
Result: ERROR
     Running ‘testthat.R’ [0m/180m]
    Running the tests in ‘tests/testthat.R’ failed.
    Complete output:
     > library(testthat)
     > library(colorednoise)
     >
     > test_check("colorednoise")
     ── 1. Error: colored noise can produce blue noise ─────────────────────────────
     function 'enterRNGScope' not provided by package 'Rcpp'
     Backtrace:
     1. purrr::rerun(...)
     3. colorednoise::colored_noise(...)
Flavor: r-patched-solaris-x86

Version: 1.0.5
Check: re-building of vignette outputs
Result: WARN
    Error(s) in re-building vignettes:
     ...
    --- re-building ‘noise.Rmd’ using rmarkdown
    Warning in engine$weave(file, quiet = quiet, encoding = enc) :
     Pandoc (>= 1.12.3) and/or pandoc-citeproc not available. Falling back to R Markdown v1.
    Quitting from lines 36-40 (noise.Rmd)
    Error: processing vignette 'noise.Rmd' failed with diagnostics:
    function 'enterRNGScope' not provided by package 'Rcpp'
    --- failed re-building ‘noise.Rmd’
    
    SUMMARY: processing the following file failed:
     ‘noise.Rmd’
    
    Error: Vignette re-building failed.
    Execution halted
Flavor: r-patched-solaris-x86

Version: 1.0.5
Check: running examples for arch ‘i386’
Result: ERROR
    Running examples in 'colorednoise-Ex.R' failed
    The error most likely occurred in:
    
    > ### Name: autocorr_sim
    > ### Title: Simulate Temporally Autocorrelated Populations for Every
    > ### Combination of Parameters
    > ### Aliases: autocorr_sim
    >
    > ### ** Examples
    >
    > survival_range <- autocorr_sim(timesteps = 30, start = 200, survPhi = 0.3, fecundPhi = 0.1,
    + survMean = c(0.2, 0.3, 0.4, 0.5, 0.6), survSd = 0.5,
    + fecundMean = 1.1, fecundSd = 0.5, replicates = 50)
    Error in .f(start = .l[[1L]][[i]], timesteps = .l[[2L]][[i]], survPhi = .l[[3L]][[i]], :
     function 'enterRNGScope' not provided by package 'Rcpp'
    Calls: autocorr_sim ... <Anonymous> -> rerun -> eval_dots -> lapply -> FUN -> pmap -> .f
    Execution halted
Flavor: r-oldrel-windows-ix86+x86_64

Version: 1.0.5
Check: running examples for arch ‘x64’
Result: ERROR
    Running examples in 'colorednoise-Ex.R' failed
    The error most likely occurred in:
    
    > ### Name: autocorr_sim
    > ### Title: Simulate Temporally Autocorrelated Populations for Every
    > ### Combination of Parameters
    > ### Aliases: autocorr_sim
    >
    > ### ** Examples
    >
    > survival_range <- autocorr_sim(timesteps = 30, start = 200, survPhi = 0.3, fecundPhi = 0.1,
    + survMean = c(0.2, 0.3, 0.4, 0.5, 0.6), survSd = 0.5,
    + fecundMean = 1.1, fecundSd = 0.5, replicates = 50)
    Error in .f(start = .l[[1L]][[i]], timesteps = .l[[2L]][[i]], survPhi = .l[[3L]][[i]], :
     function 'enterRNGScope' not provided by package 'Rcpp'
    Calls: autocorr_sim ... <Anonymous> -> rerun -> eval_dots -> lapply -> FUN -> pmap -> .f
    Execution halted
Flavor: r-oldrel-windows-ix86+x86_64

Version: 1.0.5
Check: running tests for arch ‘i386’
Result: FAIL
    Check process probably crashed or hung up for 20 minutes ... killed
    Most likely this happened in the example checks (?),
    if not, ignore the following last lines of example output:
    
    ======== End of example output (where/before crash/hang up occured ?) ========
Flavor: r-oldrel-windows-ix86+x86_64