CRAN Package Check Results for Package colocr

Last updated on 2023-01-28 03:55:47 CET.

Flavor Version Tinstall Tcheck Ttotal Status Flags
r-devel-linux-x86_64-debian-clang 0.1.1 5.65 214.90 220.55 NOTE
r-devel-linux-x86_64-debian-gcc 0.1.1 5.32 152.94 158.26 NOTE
r-devel-linux-x86_64-fedora-clang 0.1.1 281.51 NOTE
r-devel-linux-x86_64-fedora-gcc 0.1.1 263.35 NOTE
r-devel-windows-x86_64 0.1.1 21.00 259.00 280.00 NOTE
r-patched-linux-x86_64 0.1.1 8.46 198.85 207.31 NOTE
r-release-linux-x86_64 0.1.1 4.96 195.97 200.93 NOTE
r-release-macos-arm64 0.1.1 70.00 NOTE
r-release-macos-x86_64 0.1.1 136.00 NOTE
r-release-windows-x86_64 0.1.1 26.00 266.00 292.00 NOTE
r-oldrel-macos-arm64 0.1.1 84.00 NOTE
r-oldrel-macos-x86_64 0.1.1 156.00 NOTE
r-oldrel-windows-ix86+x86_64 0.1.1 17.00 268.00 285.00 NOTE

Check Details

Version: 0.1.1
Check: LazyData
Result: NOTE
     'LazyData' is specified without a 'data' directory
Flavors: r-devel-linux-x86_64-debian-clang, r-devel-linux-x86_64-debian-gcc, r-devel-linux-x86_64-fedora-clang, r-devel-linux-x86_64-fedora-gcc, r-devel-windows-x86_64, r-patched-linux-x86_64, r-release-linux-x86_64, r-release-macos-arm64, r-release-macos-x86_64, r-release-windows-x86_64, r-oldrel-macos-arm64, r-oldrel-macos-x86_64, r-oldrel-windows-ix86+x86_64