Last updated on 2022-05-22 04:49:09 CEST.
Flavor | Version | Tinstall | Tcheck | Ttotal | Status | Flags |
---|---|---|---|---|---|---|
r-devel-linux-x86_64-debian-clang | 5.1.0 | 13.14 | 145.97 | 159.11 | NOTE | |
r-devel-linux-x86_64-debian-gcc | 5.1.0 | 11.32 | 108.80 | 120.12 | NOTE | |
r-devel-linux-x86_64-fedora-clang | 5.1.0 | 188.69 | NOTE | |||
r-devel-linux-x86_64-fedora-gcc | 5.1.0 | 181.38 | NOTE | |||
r-devel-windows-x86_64 | 5.1.0 | 32.00 | 176.00 | 208.00 | NOTE | |
r-patched-linux-x86_64 | 5.1.0 | 13.89 | 136.37 | 150.26 | OK | |
r-release-linux-x86_64 | 5.1.0 | 11.13 | 134.17 | 145.30 | OK | |
r-release-macos-arm64 | 5.1.0 | 59.00 | OK | |||
r-release-macos-x86_64 | 5.1.0 | 114.00 | OK | |||
r-release-windows-x86_64 | 5.1.0 | 33.00 | 173.00 | 206.00 | OK | |
r-oldrel-macos-arm64 | 5.1.0 | 91.00 | OK | |||
r-oldrel-macos-x86_64 | 5.1.0 | 76.00 | OK | |||
r-oldrel-windows-ix86+x86_64 | 5.1.0 | 31.00 | 163.00 | 194.00 | OK |
Version: 5.1.0
Check: Rd files
Result: NOTE
checkRd: (7) check_dataset.Rd:59: \item in \describe must have non-empty label
checkRd: (7) check_dataset.Rd:65: \item in \describe must have non-empty label
Flavors: r-devel-linux-x86_64-debian-clang, r-devel-linux-x86_64-debian-gcc, r-devel-linux-x86_64-fedora-clang, r-devel-linux-x86_64-fedora-gcc, r-devel-windows-x86_64