Last updated on 2023-03-31 15:54:33 CEST.
Flavor | Version | Tinstall | Tcheck | Ttotal | Status | Flags |
---|---|---|---|---|---|---|
r-devel-linux-x86_64-debian-clang | 1.9.3 | 240.29 | 397.51 | 637.80 | OK | |
r-devel-linux-x86_64-debian-gcc | 1.9.3 | 178.72 | 292.23 | 470.95 | OK | |
r-devel-linux-x86_64-fedora-clang | 1.9.3 | 822.77 | OK | |||
r-devel-linux-x86_64-fedora-gcc | 1.9.3 | 842.14 | OK | |||
r-devel-windows-x86_64 | 1.9.3 | 313.00 | 471.00 | 784.00 | OK | |
r-patched-linux-x86_64 | 1.9.3 | 205.40 | 380.59 | 585.99 | OK | |
r-release-linux-x86_64 | 1.9.3 | 190.84 | 362.46 | 553.30 | OK | |
r-release-macos-arm64 | 1.9.3 | 175.00 | NOTE | |||
r-release-macos-x86_64 | 1.9.3 | 263.00 | NOTE | |||
r-release-windows-x86_64 | 1.9.3 | 330.00 | 471.00 | 801.00 | OK | |
r-oldrel-macos-arm64 | 1.9.3 | 171.00 | NOTE | |||
r-oldrel-macos-x86_64 | 1.9.3 | 259.00 | NOTE | |||
r-oldrel-windows-ix86+x86_64 | 1.9.3 | 495.00 | 744.00 | 1239.00 | WARN |
Version: 1.9.3
Check: installed package size
Result: NOTE
installed size is 12.9Mb
sub-directories of 1Mb or more:
libs 10.4Mb
Flavors: r-release-macos-arm64, r-release-macos-x86_64, r-oldrel-macos-arm64, r-oldrel-macos-x86_64, r-oldrel-windows-ix86+x86_64
Version: 1.9.3
Check: for unstated dependencies in ‘tests’
Result: WARN
Warning: unable to access index for repository https://bioconductor.org/packages/3.14/bioc/src/contrib:
cannot open URL 'https://bioconductor.org/packages/3.14/bioc/src/contrib/PACKAGES'
Warning: unable to access index for repository https://bioconductor.org/packages/3.14/data/annotation/src/contrib:
cannot open URL 'https://bioconductor.org/packages/3.14/data/annotation/src/contrib/PACKAGES'
Warning: unable to access index for repository https://bioconductor.org/packages/3.14/data/experiment/src/contrib:
cannot open URL 'https://bioconductor.org/packages/3.14/data/experiment/src/contrib/PACKAGES'
Flavor: r-oldrel-windows-ix86+x86_64