CRAN Package Check Results for Package collUtils

Last updated on 2020-04-04 04:49:53 CEST.

Flavor Version Tinstall Tcheck Ttotal Status Flags
r-devel-linux-x86_64-debian-clang 1.0.5 24.46 35.48 59.94 OK
r-devel-linux-x86_64-debian-gcc 1.0.5 15.61 28.05 43.66 OK
r-devel-linux-x86_64-fedora-clang 1.0.5 88.04 NOTE
r-devel-linux-x86_64-fedora-gcc 1.0.5 71.22 NOTE
r-devel-windows-ix86+x86_64 1.0.5 46.00 68.00 114.00 OK
r-devel-windows-ix86+x86_64-gcc8 1.0.5 52.00 73.00 125.00 OK
r-patched-linux-x86_64 1.0.5 19.27 35.04 54.31 OK
r-patched-solaris-x86 1.0.5 90.60 OK
r-release-linux-x86_64 1.0.5 17.70 32.95 50.65 OK
r-release-windows-ix86+x86_64 1.0.5 52.00 62.00 114.00 OK
r-release-osx-x86_64 1.0.5 OK
r-oldrel-windows-ix86+x86_64 1.0.5 52.00 69.00 121.00 OK
r-oldrel-osx-x86_64 1.0.5 OK

Check Details

Version: 1.0.5
Check: compiled code
Result: NOTE
    File ‘collUtils/libs/collUtils.so’:
     Found no calls to: ‘R_registerRoutines’, ‘R_useDynamicSymbols’
    
    It is good practice to register native routines and to disable symbol
    search.
    
    See ‘Writing portable packages’ in the ‘Writing R Extensions’ manual.
Flavors: r-devel-linux-x86_64-fedora-clang, r-devel-linux-x86_64-fedora-gcc