CRAN Package Check Results for Package cold

Last updated on 2021-09-19 11:49:45 CEST.

Flavor Version Tinstall Tcheck Ttotal Status Flags
r-devel-linux-x86_64-debian-clang 2.0-3 14.69 79.76 94.45 OK
r-devel-linux-x86_64-debian-gcc 2.0-3 10.91 58.96 69.87 OK
r-devel-linux-x86_64-fedora-clang 2.0-3 121.47 OK
r-devel-linux-x86_64-fedora-gcc 2.0-3 110.46 OK
r-devel-windows-x86_64 2.0-3 25.00 112.00 137.00 OK
r-devel-windows-x86_64-gcc10-UCRT 2.0-3 ERROR
r-patched-linux-x86_64 2.0-3 14.40 78.00 92.40 OK
r-patched-solaris-x86 2.0-3 155.20 OK
r-release-linux-x86_64 2.0-3 14.09 78.01 92.10 OK
r-release-macos-arm64 2.0-3 OK
r-release-macos-x86_64 2.0-3 WARN
r-release-windows-ix86+x86_64 2.0-3 44.00 120.00 164.00 OK
r-oldrel-macos-x86_64 2.0-3 WARN
r-oldrel-windows-ix86+x86_64 2.0-3 45.00 122.00 167.00 OK

Check Details

Version: 2.0-3
Check: whether package can be installed
Result: ERROR
    Installation failed.
Flavor: r-devel-windows-x86_64-gcc10-UCRT

Version: 2.0-3
Check: whether package can be installed
Result: WARN
    Found the following significant warnings:
     Warning: control reaches end of non-void function [-Wreturn-type]
Flavors: r-release-macos-x86_64, r-oldrel-macos-x86_64