CRAN Package Check Results for Package coexist

Last updated on 2019-07-19 15:46:56 CEST.

Flavor Version Tinstall Tcheck Ttotal Status Flags
r-devel-linux-x86_64-debian-clang 1.0 3.02 24.58 27.60 NOTE
r-devel-linux-x86_64-debian-gcc 1.0 2.72 19.92 22.64 NOTE
r-devel-linux-x86_64-fedora-clang 1.0 33.65 NOTE
r-devel-linux-x86_64-fedora-gcc 1.0 32.36 NOTE
r-devel-windows-ix86+x86_64 1.0 7.00 35.00 42.00 NOTE
r-patched-linux-x86_64 1.0 3.43 24.66 28.09 NOTE
r-patched-solaris-x86 1.0 49.70 NOTE
r-release-linux-x86_64 1.0 2.76 24.86 27.62 NOTE
r-release-windows-ix86+x86_64 1.0 6.00 53.00 59.00 NOTE
r-release-osx-x86_64 1.0 NOTE
r-oldrel-windows-ix86+x86_64 1.0 5.00 32.00 37.00 NOTE
r-oldrel-osx-x86_64 1.0 NOTE

Check Details

Version: 1.0
Check: DESCRIPTION meta-information
Result: NOTE
    Malformed Description field: should contain one or more complete sentences.
Flavors: r-devel-linux-x86_64-debian-clang, r-devel-linux-x86_64-debian-gcc, r-devel-linux-x86_64-fedora-clang, r-devel-linux-x86_64-fedora-gcc, r-devel-windows-ix86+x86_64, r-patched-linux-x86_64, r-patched-solaris-x86, r-release-linux-x86_64, r-release-windows-ix86+x86_64, r-release-osx-x86_64, r-oldrel-windows-ix86+x86_64, r-oldrel-osx-x86_64

Version: 1.0
Check: R code for possible problems
Result: NOTE
    batch.pdf.onepar: no visible global function definition for 'runif'
    batch.pdf.onepar: no visible global function definition for 'pdf'
    batch.pdf.onepar: no visible global function definition for 'par'
    batch.pdf.onepar: no visible global function definition for 'dev.off'
    batch.pdf.pairpar: no visible global function definition for 'runif'
    batch.pdf.pairpar: no visible global function definition for 'pdf'
    batch.pdf.pairpar: no visible global function definition for 'par'
    batch.pdf.pairpar: no visible global function definition for 'dev.off'
    fast.flexsim: no visible global function definition for 'write.table'
    filename.check: no visible global function definition for 'runif'
    flex.dispersal: no visible global function definition for 'rnorm'
    flexsim: no visible global function definition for 'write.table'
    make.heatmap: no visible global function definition for 'plot'
    make.heatmap: no visible global function definition for 'axis'
    make.heatmap: no visible global function definition for 'mtext'
    make.heatmap: no visible global function definition for 'rect'
    make.heatmap: no visible global function definition for 'gray'
    make.parcomb: no visible global function definition for 'write.table'
    plot_n2n: no visible global function definition for 'runif'
    plot_n2n: no visible global function definition for 'pdf'
    plot_n2n: no visible global function definition for 'par'
    plot_n2n: no visible global function definition for 'barplot'
    plot_n2n: no visible global function definition for 'text'
    plot_n2n: no visible global function definition for 'axis'
    plot_n2n: no visible global function definition for 'mtext'
    plot_n2n: no visible global function definition for 'dev.off'
    read.data: no visible global function definition for 'read.table'
    read.data: no visible global function definition for 'count.fields'
    read.patchdata: no visible global function definition for
     'count.fields'
    sim.coarse: no visible global function definition for 'write.table'
    sta.mpaircomparison: no visible global function definition for 'var'
    sta.paircomparison: no visible global function definition for 'var'
    Undefined global functions or variables:
     axis barplot count.fields dev.off gray mtext par pdf plot read.table
     rect rnorm runif text var write.table
    Consider adding
     importFrom("grDevices", "dev.off", "gray", "pdf")
     importFrom("graphics", "axis", "barplot", "mtext", "par", "plot",
     "rect", "text")
     importFrom("stats", "rnorm", "runif", "var")
     importFrom("utils", "count.fields", "read.table", "write.table")
    to your NAMESPACE file.
Flavors: r-devel-linux-x86_64-debian-clang, r-devel-linux-x86_64-debian-gcc, r-devel-linux-x86_64-fedora-clang, r-devel-linux-x86_64-fedora-gcc, r-devel-windows-ix86+x86_64, r-patched-linux-x86_64, r-patched-solaris-x86, r-release-linux-x86_64, r-release-windows-ix86+x86_64, r-release-osx-x86_64, r-oldrel-windows-ix86+x86_64, r-oldrel-osx-x86_64

Version: 1.0
Check: Rd line widths
Result: NOTE
    Rd file 'fast.flexsim.Rd':
     \usage lines wider than 90 characters:
     fast.flexsim(scale = 2, island,dispersalscale = 51, allee = 1, T = 1000, initp,parcombination, spnum = 2, sourcetype = "constant", type ... [TRUNCATED]
    
    Rd file 'flexsim.Rd':
     \usage lines wider than 90 characters:
     flexsim(scale = 2, dispersalscale = 51, allee = 1, T = 1000, prange, initp,spnum = 2, island=10, sourcetype = "constant", type, path = ... [TRUNCATED]
    
    Rd file 'make.heatmap.Rd':
     \usage lines wider than 90 characters:
     make.heatmap(mat, type = "gray", xname = "x", yname = "y", xlab = NULL, ylab = NULL, title = NULL)
    
    Rd file 'sim.coarse.Rd':
     \usage lines wider than 90 characters:
     sim.coarse(island=10,scale = 2, dispersalscale = 51, allee = 1, T = 1000, prange, type, initp, path = NULL)
    
    These lines will be truncated in the PDF manual.
Flavors: r-devel-linux-x86_64-debian-clang, r-devel-linux-x86_64-debian-gcc, r-devel-linux-x86_64-fedora-clang, r-devel-linux-x86_64-fedora-gcc, r-patched-linux-x86_64, r-release-linux-x86_64