CRAN Package Check Results for Package codexcopd

Last updated on 2022-08-12 18:49:40 CEST.

Flavor Version Tinstall Tcheck Ttotal Status Flags
r-devel-linux-x86_64-debian-clang 0.1.0 1.76 19.79 21.55 NOTE
r-devel-linux-x86_64-debian-gcc 0.1.0 1.44 15.76 17.20 NOTE
r-devel-linux-x86_64-fedora-clang 0.1.0 37.44 NOTE
r-devel-linux-x86_64-fedora-gcc 0.1.0 36.70 NOTE
r-devel-windows-x86_64 0.1.0 11.00 40.00 51.00 NOTE
r-patched-linux-x86_64 0.1.0 1.81 19.05 20.86 NOTE
r-release-linux-x86_64 0.1.0 1.89 19.52 21.41 NOTE
r-release-macos-arm64 0.1.0 14.00 NOTE
r-release-macos-x86_64 0.1.0 20.00 NOTE
r-release-windows-x86_64 0.1.0 5.00 41.00 46.00 NOTE
r-oldrel-macos-arm64 0.1.0 22.00 NOTE
r-oldrel-macos-x86_64 0.1.0 24.00 NOTE
r-oldrel-windows-ix86+x86_64 0.1.0 4.00 24.00 28.00 NOTE

Check Details

Version: 0.1.0
Check: LazyData
Result: NOTE
     'LazyData' is specified without a 'data' directory
Flavors: r-devel-linux-x86_64-debian-clang, r-devel-linux-x86_64-debian-gcc, r-devel-linux-x86_64-fedora-clang, r-devel-linux-x86_64-fedora-gcc, r-devel-windows-x86_64, r-patched-linux-x86_64, r-release-linux-x86_64, r-release-macos-arm64, r-release-macos-x86_64, r-release-windows-x86_64, r-oldrel-macos-arm64, r-oldrel-macos-x86_64, r-oldrel-windows-ix86+x86_64