CRAN Package Check Results for Package codexcopd

Last updated on 2024-02-28 12:54:53 CET.

Flavor Version Tinstall Tcheck Ttotal Status Flags
r-devel-linux-x86_64-debian-clang 0.1.0 1.81 20.16 21.97 NOTE
r-devel-linux-x86_64-debian-gcc 0.1.0 1.32 15.37 16.69 NOTE
r-devel-linux-x86_64-fedora-clang 0.1.0 27.54 NOTE
r-devel-linux-x86_64-fedora-gcc 0.1.0 26.24 NOTE
r-devel-windows-x86_64 0.1.0 3.00 35.00 38.00 NOTE
r-patched-linux-x86_64 0.1.0 1.66 19.34 21.00 NOTE
r-release-linux-x86_64 0.1.0 1.57 19.42 20.99 NOTE
r-release-macos-arm64 0.1.0 15.00 NOTE
r-release-macos-x86_64 0.1.0 17.00 NOTE
r-release-windows-x86_64 0.1.0 3.00 33.00 36.00 NOTE
r-oldrel-macos-arm64 0.1.0 13.00 NOTE
r-oldrel-windows-x86_64 0.1.0 5.00 41.00 46.00 NOTE

Check Details

Version: 0.1.0
Check: LazyData
Result: NOTE 'LazyData' is specified without a 'data' directory Flavors: r-devel-linux-x86_64-debian-clang, r-devel-linux-x86_64-debian-gcc, r-devel-linux-x86_64-fedora-clang, r-devel-linux-x86_64-fedora-gcc, r-devel-windows-x86_64, r-patched-linux-x86_64, r-release-linux-x86_64, r-release-macos-arm64, r-release-macos-x86_64, r-release-windows-x86_64, r-oldrel-macos-arm64, r-oldrel-windows-x86_64