CRAN Package Check Results for Package codemetar

Last updated on 2019-04-23 19:48:27 CEST.

Flavor Version Tinstall Tcheck Ttotal Status Flags
r-devel-linux-x86_64-debian-clang 0.1.8 4.79 69.76 74.55 OK
r-devel-linux-x86_64-debian-gcc 0.1.8 3.79 53.43 57.22 OK
r-devel-linux-x86_64-fedora-clang 0.1.8 85.63 NOTE
r-devel-linux-x86_64-fedora-gcc 0.1.8 79.42 NOTE
r-devel-windows-ix86+x86_64 0.1.7 12.00 120.00 132.00 OK
r-patched-linux-x86_64 0.1.7 3.88 95.95 99.83 OK
r-patched-solaris-x86 0.1.8 79.30 NOTE
r-release-linux-x86_64 0.1.8 3.55 64.73 68.28 OK
r-release-windows-ix86+x86_64 0.1.7 6.00 146.00 152.00 OK
r-release-osx-x86_64 0.1.8 NOTE
r-oldrel-windows-ix86+x86_64 0.1.8 7.00 105.00 112.00 OK
r-oldrel-osx-x86_64 0.1.7 NOTE

Check Details

Version: 0.1.8
Check: dependencies in R code
Result: NOTE
    Namespace in Imports field not imported from: ‘memoise’
     All declared Imports should be used.
Flavors: r-devel-linux-x86_64-fedora-clang, r-devel-linux-x86_64-fedora-gcc, r-patched-solaris-x86, r-release-osx-x86_64

Version: 0.1.7
Check: dependencies in R code
Result: NOTE
    Namespace in Imports field not imported from: ‘memoise’
     All declared Imports should be used.
Flavor: r-oldrel-osx-x86_64