CRAN Package Check Results for Package codemetar

Last updated on 2019-07-16 00:13:11 CEST.

Flavor Version Tinstall Tcheck Ttotal Status Flags
r-devel-linux-x86_64-debian-clang 0.1.8 4.91 72.04 76.95 OK
r-devel-linux-x86_64-debian-gcc 0.1.8 4.30 55.39 59.69 OK
r-devel-linux-x86_64-fedora-clang 0.1.8 86.18 NOTE
r-devel-linux-x86_64-fedora-gcc 0.1.8 82.91 NOTE
r-devel-windows-ix86+x86_64 0.1.8 20.00 118.00 138.00 OK
r-patched-linux-x86_64 0.1.8 5.07 69.68 74.75 OK
r-patched-solaris-x86 0.1.8 95.80 NOTE
r-release-linux-x86_64 0.1.8 4.71 69.65 74.36 OK
r-release-windows-ix86+x86_64 0.1.8 11.00 113.00 124.00 OK
r-release-osx-x86_64 0.1.8 NOTE
r-oldrel-windows-ix86+x86_64 0.1.8 13.00 98.00 111.00 OK
r-oldrel-osx-x86_64 0.1.8 NOTE

Check Details

Version: 0.1.8
Check: dependencies in R code
Result: NOTE
    Namespace in Imports field not imported from: ‘memoise’
     All declared Imports should be used.
Flavors: r-devel-linux-x86_64-fedora-clang, r-devel-linux-x86_64-fedora-gcc, r-patched-solaris-x86, r-release-osx-x86_64, r-oldrel-osx-x86_64