CRAN Package Check Results for Package coca

Last updated on 2022-07-03 20:50:42 CEST.

Flavor Version Tinstall Tcheck Ttotal Status Flags
r-devel-linux-x86_64-debian-clang 1.1.0 3.39 127.43 130.82 NOTE
r-devel-linux-x86_64-debian-gcc 1.1.0 2.75 92.96 95.71 NOTE
r-devel-linux-x86_64-fedora-clang 1.1.0 161.51 NOTE
r-devel-linux-x86_64-fedora-gcc 1.1.0 158.78 NOTE
r-devel-windows-x86_64 1.1.0 23.00 174.00 197.00 NOTE
r-patched-linux-x86_64 1.1.0 2.71 114.48 117.19 NOTE
r-release-linux-x86_64 1.1.0 2.15 113.65 115.80 NOTE
r-release-macos-arm64 1.1.0 60.00 NOTE
r-release-macos-x86_64 1.1.0 83.00 NOTE
r-release-windows-x86_64 1.1.0 27.00 164.00 191.00 NOTE
r-oldrel-macos-arm64 1.1.0 61.00 NOTE
r-oldrel-macos-x86_64 1.1.0 69.00 NOTE
r-oldrel-windows-ix86+x86_64 1.1.0 9.00 136.00 145.00 NOTE

Check Details

Version: 1.1.0
Check: LazyData
Result: NOTE
     'LazyData' is specified without a 'data' directory
Flavors: r-devel-linux-x86_64-debian-clang, r-devel-linux-x86_64-debian-gcc, r-devel-linux-x86_64-fedora-clang, r-devel-linux-x86_64-fedora-gcc, r-devel-windows-x86_64, r-patched-linux-x86_64, r-release-linux-x86_64, r-release-macos-arm64, r-release-macos-x86_64, r-release-windows-x86_64, r-oldrel-macos-arm64, r-oldrel-macos-x86_64, r-oldrel-windows-ix86+x86_64

Version: 1.1.0
Check: dependencies in R code
Result: NOTE
    Namespaces in Imports field not imported from:
     ‘Matrix’ ‘nnet’
     All declared Imports should be used.
Flavors: r-devel-linux-x86_64-fedora-clang, r-devel-linux-x86_64-fedora-gcc, r-release-macos-arm64, r-release-macos-x86_64, r-oldrel-macos-arm64, r-oldrel-macos-x86_64