CRAN Package Check Results for Package cnbdistr

Last updated on 2022-09-24 22:54:33 CEST.

Flavor Version Tinstall Tcheck Ttotal Status Flags
r-devel-linux-x86_64-debian-clang 1.0.1 2.67 55.94 58.61 NOTE
r-devel-linux-x86_64-debian-gcc 1.0.1 1.17 40.84 42.01 NOTE
r-devel-linux-x86_64-fedora-clang 1.0.1 79.32 NOTE
r-devel-linux-x86_64-fedora-gcc 1.0.1 78.20 NOTE
r-devel-windows-x86_64 1.0.1 17.00 80.00 97.00 NOTE
r-patched-linux-x86_64 1.0.1 2.62 54.88 57.50 NOTE
r-release-linux-x86_64 1.0.1 2.60 53.74 56.34 NOTE
r-release-macos-arm64 1.0.1 22.00 NOTE
r-release-macos-x86_64 1.0.1 32.00 NOTE
r-release-windows-x86_64 1.0.1 15.00 82.00 97.00 NOTE
r-oldrel-macos-arm64 1.0.1 27.00 NOTE
r-oldrel-macos-x86_64 1.0.1 50.00 NOTE
r-oldrel-windows-ix86+x86_64 1.0.1 7.00 84.00 91.00 NOTE

Check Details

Version: 1.0.1
Check: LazyData
Result: NOTE
     'LazyData' is specified without a 'data' directory
Flavors: r-devel-linux-x86_64-debian-clang, r-devel-linux-x86_64-debian-gcc, r-devel-linux-x86_64-fedora-clang, r-devel-linux-x86_64-fedora-gcc, r-devel-windows-x86_64, r-patched-linux-x86_64, r-release-linux-x86_64, r-release-macos-arm64, r-release-macos-x86_64, r-release-windows-x86_64, r-oldrel-macos-arm64, r-oldrel-macos-x86_64, r-oldrel-windows-ix86+x86_64