CRAN Package Check Results for Package cmhc

Last updated on 2024-03-03 18:49:49 CET.

Flavor Version Tinstall Tcheck Ttotal Status Flags
r-devel-linux-x86_64-debian-clang 0.2.7 6.06 52.42 58.48 OK
r-devel-linux-x86_64-debian-gcc 0.2.7 4.65 40.51 45.16 OK
r-devel-linux-x86_64-fedora-clang 0.2.7 75.45 NOTE
r-devel-linux-x86_64-fedora-gcc 0.2.7 87.31 NOTE
r-devel-windows-x86_64 0.2.7 7.00 62.00 69.00 OK
r-patched-linux-x86_64 0.2.7 5.00 51.79 56.79 OK
r-release-linux-x86_64 0.2.7 4.52 51.61 56.13 OK
r-release-macos-arm64 0.2.7 42.00 OK
r-release-macos-x86_64 0.2.7 64.00 OK
r-release-windows-x86_64 0.2.7 11.00 69.00 80.00 OK
r-oldrel-macos-arm64 0.2.7 33.00 OK
r-oldrel-windows-x86_64 0.2.7 11.00 72.00 83.00 OK

Check Details

Version: 0.2.7
Check: data for non-ASCII characters
Result: NOTE Note: found 4622 marked UTF-8 strings Flavors: r-devel-linux-x86_64-fedora-clang, r-devel-linux-x86_64-fedora-gcc