CRAN Package Check Results for Package cmce

Last updated on 2023-01-27 16:49:15 CET.

Flavor Version Tinstall Tcheck Ttotal Status Flags
r-devel-linux-x86_64-debian-clang 0.1.0 3.81 35.23 39.04 NOTE
r-devel-linux-x86_64-debian-gcc 0.1.0 2.25 26.92 29.17 NOTE
r-devel-linux-x86_64-fedora-clang 0.1.0 48.06 NOTE
r-devel-linux-x86_64-fedora-gcc 0.1.0 48.11 NOTE
r-devel-windows-x86_64 0.1.0 13.00 59.00 72.00 NOTE
r-patched-linux-x86_64 0.1.0 2.67 34.50 37.17 NOTE
r-release-linux-x86_64 0.1.0 3.91 35.85 39.76 NOTE
r-release-macos-arm64 0.1.0 17.00 NOTE
r-release-macos-x86_64 0.1.0 25.00 NOTE
r-release-windows-x86_64 0.1.0 7.00 57.00 64.00 NOTE
r-oldrel-macos-arm64 0.1.0 26.00 NOTE
r-oldrel-macos-x86_64 0.1.0 33.00 NOTE
r-oldrel-windows-ix86+x86_64 0.1.0 7.00 38.00 45.00 NOTE

Check Details

Version: 0.1.0
Check: LazyData
Result: NOTE
     'LazyData' is specified without a 'data' directory
Flavors: r-devel-linux-x86_64-debian-clang, r-devel-linux-x86_64-debian-gcc, r-devel-linux-x86_64-fedora-clang, r-devel-linux-x86_64-fedora-gcc, r-devel-windows-x86_64, r-patched-linux-x86_64, r-release-linux-x86_64, r-release-macos-arm64, r-release-macos-x86_64, r-release-windows-x86_64, r-oldrel-macos-arm64, r-oldrel-macos-x86_64, r-oldrel-windows-ix86+x86_64