CRAN Package Check Results for Package clustsig

Last updated on 2020-04-04 15:48:13 CEST.

Flavor Version Tinstall Tcheck Ttotal Status Flags
r-devel-linux-x86_64-debian-clang 1.1 2.38 18.56 20.94 NOTE
r-devel-linux-x86_64-debian-gcc 1.1 1.66 15.15 16.81 NOTE
r-devel-linux-x86_64-fedora-clang 1.1 27.16 NOTE
r-devel-linux-x86_64-fedora-gcc 1.1 25.69 NOTE
r-devel-windows-ix86+x86_64 1.1 5.00 42.00 47.00 NOTE
r-devel-windows-ix86+x86_64-gcc8 1.1 5.00 27.00 32.00 NOTE
r-patched-linux-x86_64 1.1 2.14 18.98 21.12 NOTE
r-patched-solaris-x86 1.1 41.70 NOTE
r-release-linux-x86_64 1.1 1.70 17.33 19.03 NOTE
r-release-windows-ix86+x86_64 1.1 4.00 40.00 44.00 NOTE
r-release-osx-x86_64 1.1 NOTE
r-oldrel-windows-ix86+x86_64 1.1 3.00 27.00 30.00 NOTE
r-oldrel-osx-x86_64 1.1 NOTE

Check Details

Version: 1.1
Check: R code for possible problems
Result: NOTE
    braycurtis: no visible global function definition for 'as.dist'
    czekanowski: no visible global function definition for 'as.dist'
    findComplementaryIndices: no visible global function definition for
     'na.omit'
    genSimilarityProfile: no visible global function definition for 'dist'
    simprof: no visible global function definition for 'dist'
    simprof: no visible global function definition for 'hclust'
    simprof.plot : <local> : colorizer: no visible global function
     definition for 'is.leaf'
    simprof.plot: no visible global function definition for 'rainbow'
    simprof.plot: no visible global function definition for 'dendrapply'
    simprof.plot: no visible global function definition for 'as.dendrogram'
    Undefined global functions or variables:
     as.dendrogram as.dist dendrapply dist hclust is.leaf na.omit rainbow
    Consider adding
     importFrom("grDevices", "rainbow")
     importFrom("stats", "as.dendrogram", "as.dist", "dendrapply", "dist",
     "hclust", "is.leaf", "na.omit")
    to your NAMESPACE file.
Flavors: r-devel-linux-x86_64-debian-clang, r-devel-linux-x86_64-debian-gcc, r-devel-linux-x86_64-fedora-clang, r-devel-linux-x86_64-fedora-gcc, r-devel-windows-ix86+x86_64, r-devel-windows-ix86+x86_64-gcc8, r-patched-linux-x86_64, r-patched-solaris-x86, r-release-linux-x86_64, r-release-windows-ix86+x86_64, r-release-osx-x86_64, r-oldrel-windows-ix86+x86_64, r-oldrel-osx-x86_64