CRAN Package Check Results for Package clustsig

Last updated on 2019-04-23 15:50:39 CEST.

Flavor Version Tinstall Tcheck Ttotal Status Flags
r-devel-linux-x86_64-debian-clang 1.1 1.61 17.51 19.12 NOTE
r-devel-linux-x86_64-debian-gcc 1.1 1.38 14.41 15.79 NOTE
r-devel-linux-x86_64-fedora-clang 1.1 23.76 NOTE
r-devel-linux-x86_64-fedora-gcc 1.1 22.21 NOTE
r-devel-windows-ix86+x86_64 1.1 6.00 27.00 33.00 NOTE
r-patched-linux-x86_64 1.1 1.93 17.67 19.60 NOTE
r-patched-solaris-x86 1.1 37.50 NOTE
r-release-linux-x86_64 1.1 1.18 16.77 17.95 NOTE
r-release-windows-ix86+x86_64 1.1 3.00 27.00 30.00 NOTE
r-release-osx-x86_64 1.1 NOTE
r-oldrel-windows-ix86+x86_64 1.1 2.00 35.00 37.00 NOTE
r-oldrel-osx-x86_64 1.1 NOTE

Check Details

Version: 1.1
Check: R code for possible problems
Result: NOTE
    braycurtis: no visible global function definition for 'as.dist'
    czekanowski: no visible global function definition for 'as.dist'
    findComplementaryIndices: no visible global function definition for
     'na.omit'
    genSimilarityProfile: no visible global function definition for 'dist'
    simprof: no visible global function definition for 'dist'
    simprof: no visible global function definition for 'hclust'
    simprof.plot : <local> : colorizer: no visible global function
     definition for 'is.leaf'
    simprof.plot: no visible global function definition for 'rainbow'
    simprof.plot: no visible global function definition for 'dendrapply'
    simprof.plot: no visible global function definition for 'as.dendrogram'
    Undefined global functions or variables:
     as.dendrogram as.dist dendrapply dist hclust is.leaf na.omit rainbow
    Consider adding
     importFrom("grDevices", "rainbow")
     importFrom("stats", "as.dendrogram", "as.dist", "dendrapply", "dist",
     "hclust", "is.leaf", "na.omit")
    to your NAMESPACE file.
Flavors: r-devel-linux-x86_64-debian-clang, r-devel-linux-x86_64-debian-gcc, r-devel-linux-x86_64-fedora-clang, r-devel-linux-x86_64-fedora-gcc, r-devel-windows-ix86+x86_64, r-patched-linux-x86_64, r-patched-solaris-x86, r-release-linux-x86_64, r-release-windows-ix86+x86_64, r-release-osx-x86_64, r-oldrel-windows-ix86+x86_64, r-oldrel-osx-x86_64