CRAN Package Check Results for Package clustering.sc.dp

Last updated on 2019-07-19 15:46:56 CEST.

Flavor Version Tinstall Tcheck Ttotal Status Flags
r-devel-linux-x86_64-debian-clang 1.0 4.58 16.40 20.98 OK
r-devel-linux-x86_64-debian-gcc 1.0 3.21 13.93 17.14 OK
r-devel-linux-x86_64-fedora-clang 1.0 27.14 NOTE
r-devel-linux-x86_64-fedora-gcc 1.0 26.31 NOTE
r-devel-windows-ix86+x86_64 1.0 12.00 41.00 53.00 OK
r-patched-linux-x86_64 1.0 3.85 16.30 20.15 OK
r-patched-solaris-x86 1.0 45.60 OK
r-release-linux-x86_64 1.0 3.92 16.45 20.37 OK
r-release-windows-ix86+x86_64 1.0 11.00 57.00 68.00 OK
r-release-osx-x86_64 1.0 OK
r-oldrel-windows-ix86+x86_64 1.0 10.00 37.00 47.00 OK
r-oldrel-osx-x86_64 1.0 OK

Check Details

Version: 1.0
Check: compiled code
Result: NOTE
    File ‘clustering.sc.dp/libs/clustering.sc.dp.so’:
     Found no calls to: ‘R_registerRoutines’, ‘R_useDynamicSymbols’
    
    It is good practice to register native routines and to disable symbol
    search.
    
    See ‘Writing portable packages’ in the ‘Writing R Extensions’ manual.
Flavors: r-devel-linux-x86_64-fedora-clang, r-devel-linux-x86_64-fedora-gcc