CRAN Package Check Results for Package clustering.sc.dp

Last updated on 2019-04-22 19:48:35 CEST.

Flavor Version Tinstall Tcheck Ttotal Status Flags
r-devel-linux-x86_64-debian-clang 1.0 4.54 16.53 21.07 OK
r-devel-linux-x86_64-debian-gcc 1.0 3.26 13.61 16.87 OK
r-devel-linux-x86_64-fedora-clang 1.0 27.21 NOTE
r-devel-linux-x86_64-fedora-gcc 1.0 24.42 NOTE
r-devel-windows-ix86+x86_64 1.0 17.00 38.00 55.00 OK
r-patched-linux-x86_64 1.0 4.42 16.69 21.11 OK
r-patched-solaris-x86 1.0 43.10 OK
r-release-linux-x86_64 1.0 3.60 15.73 19.33 OK
r-release-windows-ix86+x86_64 1.0 10.00 37.00 47.00 OK
r-release-osx-x86_64 1.0 OK
r-oldrel-windows-ix86+x86_64 1.0 11.00 47.00 58.00 OK
r-oldrel-osx-x86_64 1.0 OK

Check Details

Version: 1.0
Check: compiled code
Result: NOTE
    File ‘clustering.sc.dp/libs/clustering.sc.dp.so’:
     Found no calls to: ‘R_registerRoutines’, ‘R_useDynamicSymbols’
    
    It is good practice to register native routines and to disable symbol
    search.
    
    See ‘Writing portable packages’ in the ‘Writing R Extensions’ manual.
Flavors: r-devel-linux-x86_64-fedora-clang, r-devel-linux-x86_64-fedora-gcc