CRAN Package Check Results for Package cluster

Last updated on 2018-12-17 05:48:20 CET.

Flavor Version Tinstall Tcheck Ttotal Status Flags
r-devel-linux-x86_64-debian-clang 2.0.7-1 6.91 4.29 11.20 ERROR
r-devel-linux-x86_64-debian-gcc 2.0.7-1 5.65 2.77 8.42 ERROR
r-devel-linux-x86_64-fedora-clang 2.0.7-1 136.94 OK
r-devel-linux-x86_64-fedora-gcc 2.0.7-1 128.14 OK
r-devel-windows-ix86+x86_64 2.0.7-1 43.00 230.00 273.00 OK
r-patched-linux-x86_64 2.0.7-1 5.38 99.85 105.23 OK
r-patched-solaris-x86 2.0.7-1 OK
r-release-linux-x86_64 2.0.7-1 7.04 97.76 104.80 OK
r-release-windows-ix86+x86_64 2.0.7-1 25.00 223.00 248.00 OK
r-release-osx-x86_64 2.0.7-1 OK
r-oldrel-windows-ix86+x86_64 2.0.7-1 33.00 222.00 255.00 OK
r-oldrel-osx-x86_64 2.0.7-1 OK

Check Details

Version: 2.0.7-1
Check: whether the package can be loaded
Result: ERROR
    Loading this package had a fatal error status code 1
    Loading log:
    Error: package or namespace load failed for ‘cluster’ in dyn.load(file, DLLpath = DLLpath, ...):
     unable to load shared object ‘/home/hornik/tmp/R.check/r-devel-clang/Work/build/Packages/cluster/libs/cluster.so’:
     /home/hornik/tmp/R.check/r-devel-clang/Work/build/Packages/cluster/libs/cluster.so: failed to map segment from shared object
    Execution halted
Flavor: r-devel-linux-x86_64-debian-clang

Version: 2.0.7-1
Check: whether the package can be loaded
Result: ERROR
    Loading this package had a fatal error status code 1
    Loading log:
    Error: package or namespace load failed for ‘cluster’ in dyn.load(file, DLLpath = DLLpath, ...):
     unable to load shared object ‘/home/hornik/tmp/R.check/r-devel-gcc/Work/build/Packages/cluster/libs/cluster.so’:
     /home/hornik/tmp/R.check/r-devel-gcc/Work/build/Packages/cluster/libs/cluster.so: failed to map segment from shared object
    Execution halted
Flavor: r-devel-linux-x86_64-debian-gcc