CRAN Package Check Results for Package clustDRM

Last updated on 2022-11-28 23:53:17 CET.

Flavor Version Tinstall Tcheck Ttotal Status Flags
r-devel-linux-x86_64-debian-clang 0.1-0 28.47 205.33 233.80 OK
r-devel-linux-x86_64-debian-gcc 0.1-0 18.56 150.50 169.06 OK
r-devel-linux-x86_64-fedora-clang 0.1-0 315.12 NOTE
r-devel-linux-x86_64-fedora-gcc 0.1-0 314.74 NOTE
r-devel-windows-x86_64 0.1-0 37.00 205.00 242.00 OK
r-patched-linux-x86_64 0.1-0 30.05 227.15 257.20 OK
r-release-linux-x86_64 0.1-0 26.55 223.76 250.31 OK
r-release-macos-arm64 0.1-0 7.00 ERROR
r-release-macos-x86_64 0.1-0 6.00 ERROR
r-release-windows-x86_64 0.1-0 45.00 214.00 259.00 OK
r-oldrel-macos-arm64 0.1-0 9.00 ERROR
r-oldrel-macos-x86_64 0.1-0 11.00 ERROR
r-oldrel-windows-ix86+x86_64 0.1-0 55.00 204.00 259.00 OK

Check Details

Version: 0.1-0
Check: dependencies in R code
Result: NOTE
    Namespace in Imports field not imported from: ‘DT’
     All declared Imports should be used.
Flavors: r-devel-linux-x86_64-fedora-clang, r-devel-linux-x86_64-fedora-gcc

Version: 0.1-0
Check: package dependencies
Result: ERROR
    Package required but not available: ‘IsoGene’
    
    See section ‘The DESCRIPTION file’ in the ‘Writing R Extensions’
    manual.
Flavors: r-release-macos-arm64, r-release-macos-x86_64, r-oldrel-macos-arm64, r-oldrel-macos-x86_64