CRAN Package Check Results for Package cloudUtil

Last updated on 2019-02-22 00:52:12 CET.

Flavor Version Tinstall Tcheck Ttotal Status Flags
r-devel-linux-x86_64-debian-clang 0.1.12 1.36 28.46 29.82 OK
r-devel-linux-x86_64-debian-gcc 0.1.12 1.02 22.86 23.88 OK
r-devel-linux-x86_64-fedora-clang 0.1.12 36.72 OK
r-devel-linux-x86_64-fedora-gcc 0.1.12 34.75 OK
r-devel-windows-ix86+x86_64 0.1.12 4.00 64.00 68.00 OK
r-patched-linux-x86_64 0.1.12 0.99 26.70 27.69 OK
r-patched-solaris-x86 0.1.12 51.80 OK
r-release-linux-x86_64 0.1.12 OK
r-release-windows-ix86+x86_64 0.1.12 2.00 65.00 67.00 OK
r-release-osx-x86_64 0.1.12 OK
r-oldrel-windows-ix86+x86_64 0.1.12 2.00 68.00 70.00 OK
r-oldrel-osx-x86_64 0.1.12 NOTE

Check Details

Version: 0.1.12
Check: re-building of vignette outputs
Result: NOTE
    Error in re-building vignettes:
     ...
    Error in texi2dvi(file = file, pdf = TRUE, clean = clean, quiet = quiet, :
     Running 'texi2dvi' on 'cloudUtil.tex' failed.
    LaTeX errors:
    ! LaTeX Error: File `pstricks.sty' not found.
    
    Type X to quit or <RETURN> to proceed,
    or enter new name. (Default extension: sty)
    
    ! Emergency stop.
    <read *>
    
    l.10 \usepackage
     {hyperref}^^M
    ! ==> Fatal error occurred, no output PDF file produced!
    Calls: buildVignettes -> texi2pdf -> texi2dvi
    Execution halted
Flavor: r-oldrel-osx-x86_64