CRAN Package Check Results for Package clogitLasso

Last updated on 2022-08-12 16:50:47 CEST.

Flavor Version Tinstall Tcheck Ttotal Status Flags
r-devel-linux-x86_64-debian-clang 1.1 2.94 24.57 27.51 NOTE
r-devel-linux-x86_64-debian-gcc 1.1 1.82 18.95 20.77 NOTE
r-devel-linux-x86_64-fedora-clang 1.1 43.35 NOTE
r-devel-linux-x86_64-fedora-gcc 1.1 42.37 NOTE
r-devel-windows-x86_64 1.1 13.00 46.00 59.00 NOTE
r-patched-linux-x86_64 1.1 1.89 23.36 25.25 OK
r-release-linux-x86_64 1.1 2.64 24.04 26.68 OK
r-release-macos-arm64 1.1 16.00 OK
r-release-macos-x86_64 1.1 21.00 OK
r-release-windows-x86_64 1.1 14.00 48.00 62.00 OK
r-oldrel-macos-arm64 1.1 17.00 OK
r-oldrel-macos-x86_64 1.1 27.00 OK
r-oldrel-windows-ix86+x86_64 1.1 6.00 40.00 46.00 OK

Check Details

Version: 1.1
Check: package subdirectories
Result: NOTE
    Problems with news in 'NEWS.md':
    No news entries found.
Flavors: r-devel-linux-x86_64-debian-clang, r-devel-linux-x86_64-debian-gcc, r-devel-linux-x86_64-fedora-clang, r-devel-linux-x86_64-fedora-gcc, r-devel-windows-x86_64