Last updated on 2023-02-07 07:53:55 CET.
Flavor | Version | Tinstall | Tcheck | Ttotal | Status | Flags |
---|---|---|---|---|---|---|
r-devel-linux-x86_64-debian-clang | 0.6.1 | 371.27 | 162.58 | 533.85 | NOTE | |
r-devel-linux-x86_64-debian-gcc | 0.6.1 | 267.13 | 126.26 | 393.39 | NOTE | |
r-devel-linux-x86_64-fedora-clang | 0.6.1 | 641.23 | NOTE | |||
r-devel-linux-x86_64-fedora-gcc | 0.6.1 | 645.09 | NOTE | |||
r-devel-windows-x86_64 | 0.6.1 | 363.00 | 288.00 | 651.00 | NOTE | |
r-patched-linux-x86_64 | 0.6.1 | 267.40 | 149.39 | 416.79 | OK | |
r-release-linux-x86_64 | 0.6.1 | 252.65 | 141.06 | 393.71 | OK | |
r-release-macos-arm64 | 0.6.1 | 179.00 | NOTE | |||
r-release-macos-x86_64 | 0.6.1 | 190.00 | NOTE | |||
r-release-windows-x86_64 | 0.6.1 | 344.00 | 254.00 | 598.00 | NOTE | |
r-oldrel-macos-arm64 | 0.6.1 | 174.00 | NOTE | |||
r-oldrel-macos-x86_64 | 0.6.1 | 185.00 | NOTE | |||
r-oldrel-windows-ix86+x86_64 | 0.6.1 | 573.00 | 320.00 | 893.00 | NOTE |
Version: 0.6.1
Check: C++ specification
Result: NOTE
Specified C++11: please update to current default of C++17
Flavors: r-devel-linux-x86_64-debian-clang, r-devel-linux-x86_64-debian-gcc, r-devel-linux-x86_64-fedora-clang, r-devel-linux-x86_64-fedora-gcc, r-devel-windows-x86_64
Version: 0.6.1
Check: installed package size
Result: NOTE
installed size is 8.0Mb
sub-directories of 1Mb or more:
libs 6.3Mb
Flavors: r-devel-linux-x86_64-fedora-clang, r-devel-windows-x86_64, r-release-macos-arm64, r-release-macos-x86_64, r-release-windows-x86_64, r-oldrel-macos-arm64, r-oldrel-macos-x86_64, r-oldrel-windows-ix86+x86_64