Last updated on 2023-06-05 19:54:46 CEST.
Flavor | Version | Tinstall | Tcheck | Ttotal | Status | Flags |
---|---|---|---|---|---|---|
r-devel-linux-x86_64-debian-clang | 0.7.0 | 208.97 | 234.65 | 443.62 | OK | |
r-devel-linux-x86_64-debian-gcc | 0.7.0 | 157.24 | 178.93 | 336.17 | OK | |
r-devel-linux-x86_64-fedora-clang | 0.7.0 | 556.02 | OK | |||
r-devel-linux-x86_64-fedora-gcc | 0.7.0 | 594.67 | OK | |||
r-devel-windows-x86_64 | 0.7.0 | 138.00 | 252.00 | 390.00 | OK | |
r-patched-linux-x86_64 | 0.7.0 | 174.97 | 228.86 | 403.83 | OK | |
r-release-linux-x86_64 | 0.7.0 | 170.19 | 228.84 | 399.03 | OK | |
r-release-macos-arm64 | 0.7.0 | 156.00 | NOTE | |||
r-release-macos-x86_64 | 0.6.1 | 327.00 | NOTE | |||
r-release-windows-x86_64 | 0.7.0 | 178.00 | 307.00 | 485.00 | OK | |
r-oldrel-macos-arm64 | 0.7.0 | 156.00 | NOTE | |||
r-oldrel-macos-x86_64 | 0.7.0 | 171.00 | NOTE | |||
r-oldrel-windows-x86_64 | 0.7.0 | 168.00 | 264.00 | 432.00 | OK |
Version: 0.7.0
Check: installed package size
Result: NOTE
installed size is 17.1Mb
sub-directories of 1Mb or more:
libs 15.2Mb
Flavors: r-release-macos-arm64, r-oldrel-macos-arm64, r-oldrel-macos-x86_64
Version: 0.6.1
Check: C++ specification
Result: NOTE
Specified C++11: please drop specification unless essential
Flavor: r-release-macos-x86_64
Version: 0.6.1
Check: installed package size
Result: NOTE
installed size is 44.1Mb
sub-directories of 1Mb or more:
libs 42.4Mb
Flavor: r-release-macos-x86_64