Last updated on 2022-06-25 08:51:56 CEST.
Flavor | Version | Tinstall | Tcheck | Ttotal | Status | Flags |
---|---|---|---|---|---|---|
r-devel-linux-x86_64-debian-clang | 0.6.0 | 346.17 | 140.06 | 486.23 | OK | |
r-devel-linux-x86_64-debian-gcc | 0.6.0 | 263.09 | 109.90 | 372.99 | OK | |
r-devel-linux-x86_64-fedora-clang | 0.6.0 | 693.77 | NOTE | |||
r-devel-linux-x86_64-fedora-gcc | 0.6.0 | 601.81 | OK | |||
r-devel-windows-x86_64 | 0.6.0 | 316.00 | 238.00 | 554.00 | NOTE | |
r-patched-linux-x86_64 | 0.6.0 | 259.06 | 139.72 | 398.78 | OK | |
r-release-linux-x86_64 | 0.6.0 | 248.07 | 138.19 | 386.26 | OK | |
r-release-macos-arm64 | 0.6.0 | 157.00 | NOTE | |||
r-release-macos-x86_64 | 0.6.0 | 189.00 | NOTE | |||
r-release-windows-x86_64 | 0.6.0 | 317.00 | 232.00 | 549.00 | NOTE | |
r-oldrel-macos-arm64 | 0.6.0 | 1023.00 | NOTE | |||
r-oldrel-macos-x86_64 | 0.6.0 | 187.00 | NOTE | |||
r-oldrel-windows-ix86+x86_64 | 0.6.0 | 579.00 | 306.00 | 885.00 | NOTE |
Version: 0.6.0
Check: installed package size
Result: NOTE
installed size is 31.5Mb
sub-directories of 1Mb or more:
libs 29.9Mb
Flavors: r-devel-linux-x86_64-fedora-clang, r-devel-windows-x86_64, r-release-macos-arm64, r-release-macos-x86_64, r-release-windows-x86_64, r-oldrel-macos-arm64, r-oldrel-macos-x86_64, r-oldrel-windows-ix86+x86_64