CRAN Package Check Results for Package clinDataReview

Last updated on 2021-09-28 13:51:39 CEST.

Flavor Version Tinstall Tcheck Ttotal Status Flags
r-devel-linux-x86_64-debian-clang 1.1.0 13.30 199.54 212.84 OK
r-devel-linux-x86_64-debian-gcc 1.1.0 10.71 148.23 158.94 OK
r-devel-linux-x86_64-fedora-clang 1.1.0 252.76 NOTE
r-devel-linux-x86_64-fedora-gcc 1.1.0 240.29 OK
r-devel-windows-x86_64 1.1.0 17.00 231.00 248.00 NOTE
r-devel-windows-x86_64-gcc10-UCRT 1.1.0 OK
r-patched-linux-x86_64 1.1.0 14.39 191.76 206.15 OK
r-patched-solaris-x86 1.1.0 227.20 NOTE
r-release-linux-x86_64 1.1.0 11.82 190.34 202.16 OK
r-release-macos-arm64 1.1.0 NOTE
r-release-macos-x86_64 1.1.0 WARN
r-release-windows-ix86+x86_64 1.1.0 31.00 225.00 256.00 NOTE
r-oldrel-macos-x86_64 1.1.0 WARN
r-oldrel-windows-ix86+x86_64 1.1.0 19.00 227.00 246.00 NOTE

Check Details

Version: 1.1.0
Check: installed package size
Result: NOTE
     installed size is 7.1Mb
     sub-directories of 1Mb or more:
     doc 5.3Mb
Flavors: r-devel-linux-x86_64-fedora-clang, r-devel-windows-x86_64, r-patched-solaris-x86, r-release-macos-arm64, r-release-macos-x86_64, r-release-windows-ix86+x86_64, r-oldrel-macos-x86_64, r-oldrel-windows-ix86+x86_64

Version: 1.1.0
Check: re-building of vignette outputs
Result: WARN
    Error(s) in re-building vignettes:
    --- re-building ‘clinDataReview-dataPreprocessing.Rmd’ using rmarkdown
    Warning in engine$weave(file, quiet = quiet, encoding = enc) :
     Pandoc (>= 1.12.3) not available. Falling back to R Markdown v1.
    Data annotated with variable(s): ETHNIC ('ETHNIC'), ARM ('ARM') from the 'custom' dataset based on the variable(s): USUBJID ('USUBJID').
    354 records with ARM ('ARM') %in% 'Placebo' are filtered in data.
    --- finished re-building ‘clinDataReview-dataPreprocessing.Rmd’
    
    --- re-building ‘clinDataReview-dataVisualization.Rmd’ using rmarkdown
    Warning in engine$weave(file, quiet = quiet, encoding = enc) :
     Pandoc (>= 1.12.3) not available. Falling back to R Markdown v1.
    Loading required package: ggplot2
    
    Attaching package: 'plotly'
    
    The following object is masked from 'package:ggplot2':
    
     last_plot
    
    The following object is masked from 'package:stats':
    
     filter
    
    The following object is masked from 'package:graphics':
    
     layout
    
    Warning: Ignoring unknown aesthetics: text
    PhantomJS not found. You can install it with webshot::install_phantomjs(). If it is installed, please make sure the phantomjs executable can be found via the PATH variable.
    PhantomJS not found. You can install it with webshot::install_phantomjs(). If it is installed, please make sure the phantomjs executable can be found via the PATH variable.
    Quitting from lines 154-187 (clinDataReview-dataVisualization.Rmd)
    Error: processing vignette 'clinDataReview-dataVisualization.Rmd' failed with diagnostics:
    invalid 'path' argument
    --- failed re-building ‘clinDataReview-dataVisualization.Rmd’
    
    --- re-building ‘clinDataReview-reporting.Rmd’ using rmarkdown
    Warning in engine$weave(file, quiet = quiet, encoding = enc) :
     Pandoc (>= 1.12.3) not available. Falling back to R Markdown v1.
    --- finished re-building ‘clinDataReview-reporting.Rmd’
    
    SUMMARY: processing the following file failed:
     ‘clinDataReview-dataVisualization.Rmd’
    
    Error: Vignette re-building failed.
    Execution halted
Flavors: r-release-macos-x86_64, r-oldrel-macos-x86_64