CRAN Package Check Results for Package climatrends

Last updated on 2023-01-30 20:55:41 CET.

Flavor Version Tinstall Tcheck Ttotal Status Flags
r-devel-linux-x86_64-debian-clang 0.5 6.53 43.85 50.38 OK
r-devel-linux-x86_64-debian-gcc 0.5 4.85 33.20 38.05 OK
r-devel-linux-x86_64-fedora-clang 0.5 61.98 NOTE
r-devel-linux-x86_64-fedora-gcc 0.5 74.49 OK
r-devel-windows-x86_64 0.5 41.00 81.00 122.00 NOTE
r-patched-linux-x86_64 0.5 3.56 41.66 45.22 OK
r-release-linux-x86_64 0.5 3.77 41.05 44.82 OK
r-release-macos-arm64 0.5 26.00 NOTE
r-release-macos-x86_64 0.5 42.00 NOTE
r-release-windows-x86_64 0.5 43.00 82.00 125.00 NOTE
r-oldrel-macos-arm64 0.5 31.00 NOTE
r-oldrel-macos-x86_64 0.5 39.00 NOTE
r-oldrel-windows-ix86+x86_64 0.5 11.00 71.00 82.00 NOTE

Check Details

Version: 0.5
Check: installed package size
Result: NOTE
     installed size is 5.5Mb
     sub-directories of 1Mb or more:
     data 3.4Mb
     doc 1.9Mb
Flavors: r-devel-linux-x86_64-fedora-clang, r-devel-windows-x86_64, r-release-macos-arm64, r-release-macos-x86_64, r-release-windows-x86_64, r-oldrel-macos-arm64, r-oldrel-macos-x86_64, r-oldrel-windows-ix86+x86_64