CRAN Package Check Results for Package clidamonger

Last updated on 2023-12-11 18:53:24 CET.

Flavor Version Tinstall Tcheck Ttotal Status Flags
r-devel-linux-x86_64-debian-clang 1.0.0 8.58 24.61 33.19 OK
r-devel-linux-x86_64-debian-gcc 1.0.0 6.80 20.01 26.81 OK
r-devel-linux-x86_64-fedora-clang 1.0.0 41.81 NOTE
r-devel-linux-x86_64-fedora-gcc 1.0.0 40.95 NOTE
r-devel-windows-x86_64 1.0.0 8.00 39.00 47.00 OK
r-patched-linux-x86_64 1.0.0 8.88 21.37 30.25 OK
r-release-linux-x86_64 1.0.0 9.26 24.83 34.09 OK
r-release-macos-arm64 1.0.0 18.00 NOTE
r-release-macos-x86_64 1.0.0 29.00 NOTE
r-release-windows-x86_64 1.0.0 8.00 40.00 48.00 OK
r-oldrel-macos-arm64 1.0.0 18.00 NOTE
r-oldrel-macos-x86_64 1.0.0 27.00 OK
r-oldrel-windows-x86_64 1.0.0 26.00 46.00 72.00 OK

Check Details

Version: 1.0.0
Check: data for non-ASCII characters
Result: NOTE Note: found 27934 marked UTF-8 strings Flavors: r-devel-linux-x86_64-fedora-clang, r-devel-linux-x86_64-fedora-gcc

Version: 1.0.0
Check: installed package size
Result: NOTE installed size is 5.4Mb sub-directories of 1Mb or more: data 5.4Mb Flavors: r-release-macos-arm64, r-release-macos-x86_64, r-oldrel-macos-arm64