CRAN Package Check Results for Package cld2

Last updated on 2020-09-18 20:47:21 CEST.

Flavor Version Tinstall Tcheck Ttotal Status Flags
r-devel-linux-x86_64-debian-clang 1.2 34.72 26.98 61.70 OK
r-devel-linux-x86_64-debian-gcc 1.2 26.83 21.38 48.21 OK
r-devel-linux-x86_64-fedora-clang 1.2 97.92 OK
r-devel-linux-x86_64-fedora-gcc 1.2 77.96 OK
r-devel-windows-ix86+x86_64 1.2 87.00 80.00 167.00 NOTE
r-patched-linux-x86_64 1.2 26.76 26.86 53.62 OK
r-patched-solaris-x86 1.2 88.70 OK
r-release-linux-x86_64 1.2 27.65 26.62 54.27 OK
r-release-macos-x86_64 1.2 OK
r-release-windows-ix86+x86_64 1.2 88.00 65.00 153.00 NOTE
r-oldrel-macos-x86_64 1.2 OK
r-oldrel-windows-ix86+x86_64 1.2 73.00 97.00 170.00 OK

Additional issues

clang-UBSAN gcc-UBSAN

Check Details

Version: 1.2
Check: installed package size
Result: NOTE
     installed size is 5.4Mb
     sub-directories of 1Mb or more:
     libs 5.4Mb
Flavors: r-devel-windows-ix86+x86_64, r-release-windows-ix86+x86_64