CRAN Package Check Results for Package cld2

Last updated on 2019-11-14 09:49:26 CET.

Flavor Version Tinstall Tcheck Ttotal Status Flags
r-devel-linux-x86_64-debian-clang 1.2 34.33 23.85 58.18 ERROR
r-devel-linux-x86_64-debian-gcc 1.2 23.49 19.60 43.09 ERROR
r-devel-linux-x86_64-fedora-clang 1.2 85.16 OK
r-devel-linux-x86_64-fedora-gcc 1.2 76.44 OK
r-devel-windows-ix86+x86_64 1.2 110.00 83.00 193.00 OK
r-patched-linux-x86_64 1.2 27.02 24.30 51.32 OK
r-patched-solaris-x86 1.2 83.10 OK
r-release-linux-x86_64 1.2 26.63 24.08 50.71 OK
r-release-windows-ix86+x86_64 1.2 85.00 84.00 169.00 OK
r-release-osx-x86_64 1.2 OK
r-oldrel-windows-ix86+x86_64 1.2 77.00 93.00 170.00 OK
r-oldrel-osx-x86_64 1.2 OK

Additional issues

clang-UBSAN gcc-UBSAN

Check Details

Version: 1.2
Check: package dependencies
Result: NOTE
    Package suggested but not available for checking: 'readtext'
Flavors: r-devel-linux-x86_64-debian-clang, r-devel-linux-x86_64-debian-gcc

Version: 1.2
Check: tests
Result: ERROR
     Running 'testthat.R' [2s/2s]
    Running the tests in 'tests/testthat.R' failed.
    Complete output:
     > library(testthat)
     > library(cld2)
     >
     > test_check("cld2")
     -- 1. Error: vectorised input works (@test-detect.R#5) ------------------------
     there is no package called 'readtext'
     Backtrace:
     1. base::library(readtext)
    
     == testthat results ===========================================================
     [ OK: 3 | SKIPPED: 0 | WARNINGS: 0 | FAILED: 1 ]
     1. Error: vectorised input works (@test-detect.R#5)
    
     Error: testthat unit tests failed
     Execution halted
Flavor: r-devel-linux-x86_64-debian-clang

Version: 1.2
Check: tests
Result: ERROR
     Running ‘testthat.R’ [1s/3s]
    Running the tests in ‘tests/testthat.R’ failed.
    Complete output:
     > library(testthat)
     > library(cld2)
     >
     > test_check("cld2")
     ── 1. Error: vectorised input works (@test-detect.R#5) ────────────────────────
     there is no package called 'readtext'
     Backtrace:
     1. base::library(readtext)
    
     ══ testthat results ═══════════════════════════════════════════════════════════
     [ OK: 3 | SKIPPED: 0 | WARNINGS: 0 | FAILED: 1 ]
     1. Error: vectorised input works (@test-detect.R#5)
    
     Error: testthat unit tests failed
     Execution halted
Flavor: r-devel-linux-x86_64-debian-gcc