CRAN Package Check Results for Package classmap

Last updated on 2021-11-29 19:51:25 CET.

Flavor Version Tinstall Tcheck Ttotal Status Flags
r-devel-linux-x86_64-debian-clang 1.1.1 12.82 1106.48 1119.30 OK
r-devel-linux-x86_64-debian-gcc 1.1.1 10.61 859.61 870.22 OK
r-devel-linux-x86_64-fedora-clang 1.1.1 1338.91 NOTE
r-devel-linux-x86_64-fedora-gcc 1.1.1 1333.48 NOTE
r-devel-windows-x86_64-new-UL 1.1.1 27.00 0.00 27.00 FAIL
r-devel-windows-x86_64-new-TK 1.1.1 NOTE
r-devel-windows-x86_64-old 1.1.1 22.00 1463.00 1485.00 OK
r-patched-linux-x86_64 1.1.1 13.10 116.84 129.94 OK
r-patched-solaris-x86 1.1.1 224.80 NOTE
r-release-linux-x86_64 1.1.1 10.36 117.37 127.73 OK
r-release-macos-arm64 1.1.1 NOTE
r-release-macos-x86_64 1.1.1 NOTE
r-release-windows-ix86+x86_64 1.1.1 28.00 142.00 170.00 OK
r-oldrel-macos-x86_64 1.1.1 NOTE
r-oldrel-windows-ix86+x86_64 1.1.1 18.00 115.00 133.00 OK

Check Details

Version: 1.1.1
Check: dependencies in R code
Result: NOTE
    Namespace in Imports field not imported from: ‘rpart’
     All declared Imports should be used.
Flavors: r-devel-linux-x86_64-fedora-clang, r-devel-linux-x86_64-fedora-gcc, r-devel-windows-x86_64-new-TK, r-patched-solaris-x86, r-release-macos-arm64, r-release-macos-x86_64, r-oldrel-macos-x86_64

Version: 1.1.1
Check: data for non-ASCII characters
Result: NOTE
     Note: found 9 marked UTF-8 strings
Flavors: r-devel-linux-x86_64-fedora-clang, r-devel-linux-x86_64-fedora-gcc, r-devel-windows-x86_64-new-TK, r-patched-solaris-x86, r-release-macos-arm64, r-release-macos-x86_64, r-oldrel-macos-x86_64

Version: 1.1.1
Check: examples
Result: FAIL
    Check process probably crashed or hung up for 20 minutes ... killed
    Most likely this happened in the example checks (?),
    if not, ignore the following last lines of example output:
    >
    > flush(stderr()); flush(stdout())
    >
    > ### Name: vcr.neural.newdata
    > ### Title: Prepare for visualization of a neural network classification on
    > ### new data.
    > ### Aliases: vcr.neural.newdata
    >
    > ### ** Examples
    >
    > # For examples, we refer to the vignette:
    > vignette("Neural_net_examples")
    >
    >
    >
    > cleanEx()
    > nameEx("vcr.neural.train")
    > ### * vcr.neural.train
    >
    > flush(stderr()); flush(stdout())
    >
    > ### Name: vcr.neural.train
    > ### Title: Prepare for visualization of a neural network classification on
    > ### training data.
    > ### Aliases: vcr.neural.train
    >
    > ### ** Examples
    >
    > # For examples, we refer to the vignette:
    > vignette("Neural_net_examples")
    ======== End of example output (where/before crash/hang up occured ?) ========
Flavor: r-devel-windows-x86_64-new-UL