CRAN Package Check Results for Package classGraph

Last updated on 2019-08-19 20:46:11 CEST.

Flavor Version Tinstall Tcheck Ttotal Status Flags
r-devel-linux-x86_64-debian-clang 0.7-5 3.64 44.33 47.97 OK
r-devel-linux-x86_64-debian-gcc 0.7-5 3.31 37.54 40.85 OK
r-devel-linux-x86_64-fedora-clang 0.7-5 59.53 OK
r-devel-linux-x86_64-fedora-gcc 0.7-5 58.12 OK
r-devel-windows-ix86+x86_64 0.7-5 12.00 80.00 92.00 OK
r-patched-linux-x86_64 0.7-5 3.80 44.43 48.23 OK
r-patched-solaris-x86 0.7-5 93.40 OK
r-release-linux-x86_64 0.7-5 3.75 43.63 47.38 OK
r-release-windows-ix86+x86_64 0.7-5 9.00 56.00 65.00 OK
r-release-osx-x86_64 0.7-5 ERROR
r-oldrel-windows-ix86+x86_64 0.7-5 7.00 78.00 85.00 OK
r-oldrel-osx-x86_64 0.7-5 OK

Check Details

Version: 0.7-5
Check: package dependencies
Result: ERROR
    Packages required but not available: 'graph', 'Rgraphviz'
    
    See section ‘The DESCRIPTION file’ in the ‘Writing R Extensions’
    manual.
Flavor: r-release-osx-x86_64