CRAN Package Check Results for Package circumplex

Last updated on 2018-11-18 00:46:16 CET.

Flavor Version Tinstall Tcheck Ttotal Status Flags
r-devel-linux-x86_64-debian-clang 0.2.0 39.05 118.60 157.65 OK
r-devel-linux-x86_64-debian-gcc 0.2.0 30.25 92.66 122.91 OK
r-devel-linux-x86_64-fedora-clang 0.2.0 204.72 NOTE
r-devel-linux-x86_64-fedora-gcc 0.2.0 191.28 NOTE
r-devel-windows-ix86+x86_64 0.2.0 95.00 241.00 336.00 OK
r-patched-linux-x86_64 0.2.0 40.83 116.56 157.39 OK
r-patched-solaris-x86 0.2.0 266.70 NOTE
r-release-linux-x86_64 0.2.0 40.02 115.45 155.47 OK
r-release-windows-ix86+x86_64 0.2.0 99.00 249.00 348.00 OK
r-release-osx-x86_64 0.2.0 NOTE
r-oldrel-windows-ix86+x86_64 0.2.0 71.00 225.00 296.00 OK
r-oldrel-osx-x86_64 0.2.0 NOTE

Check Details

Version: 0.2.0
Check: dependencies in R code
Result: NOTE
    Namespace in Imports field not imported from: ‘MASS’
     All declared Imports should be used.
Flavors: r-devel-linux-x86_64-fedora-clang, r-devel-linux-x86_64-fedora-gcc, r-patched-solaris-x86, r-release-osx-x86_64, r-oldrel-osx-x86_64