CRAN Package Check Results for Package circumplex

Last updated on 2020-08-13 06:47:23 CEST.

Flavor Version Tinstall Tcheck Ttotal Status Flags
r-devel-linux-x86_64-debian-clang 0.3.6 0.87 2.67 3.54 ERROR
r-devel-linux-x86_64-debian-gcc 0.3.6 34.21 106.17 140.38 OK
r-devel-linux-x86_64-fedora-clang 0.3.6 234.60 OK
r-devel-linux-x86_64-fedora-gcc 0.3.6 225.13 OK
r-devel-windows-ix86+x86_64 0.3.6 128.00 285.00 413.00 OK
r-patched-linux-x86_64 0.3.6 37.98 137.64 175.62 OK
r-patched-solaris-x86 0.3.6 373.60 OK
r-release-linux-x86_64 0.3.6 0.83 2.64 3.47 ERROR
r-release-macos-x86_64 0.3.6 OK
r-release-windows-ix86+x86_64 0.3.6 120.00 295.00 415.00 OK
r-oldrel-macos-x86_64 0.3.6 OK
r-oldrel-windows-ix86+x86_64 0.3.6 81.00 206.00 287.00 OK

Check Details

Version: 0.3.6
Check: package dependencies
Result: ERROR
    Package required but not available: 'tidyr'
    
    See section 'The DESCRIPTION file' in the 'Writing R Extensions'
    manual.
Flavors: r-devel-linux-x86_64-debian-clang, r-release-linux-x86_64