CRAN Package Check Results for Package chunkhooks

Last updated on 2023-12-02 02:49:05 CET.

Flavor Version Tinstall Tcheck Ttotal Status Flags
r-devel-linux-x86_64-debian-clang 0.0.1 1.69 29.59 31.28 NOTE
r-devel-linux-x86_64-debian-gcc 0.0.1 1.53 23.68 25.21 NOTE
r-devel-linux-x86_64-fedora-clang 0.0.1 40.66 NOTE
r-devel-linux-x86_64-fedora-gcc 0.0.1 49.10 NOTE
r-devel-windows-x86_64 0.0.1 3.00 47.00 50.00 NOTE
r-patched-linux-x86_64 0.0.1 1.99 29.08 31.07 NOTE
r-release-linux-x86_64 0.0.1 1.70 29.24 30.94 NOTE
r-release-macos-arm64 0.0.1 27.00 NOTE
r-release-macos-x86_64 0.0.1 36.00 NOTE
r-release-windows-x86_64 0.0.1 3.00 47.00 50.00 NOTE
r-oldrel-macos-arm64 0.0.1 20.00 NOTE
r-oldrel-macos-x86_64 0.0.1 24.00 NOTE
r-oldrel-windows-x86_64 0.0.1 3.00 50.00 53.00 NOTE

Check Details

Version: 0.0.1
Check: LazyData
Result: NOTE 'LazyData' is specified without a 'data' directory Flavors: r-devel-linux-x86_64-debian-clang, r-devel-linux-x86_64-debian-gcc, r-devel-linux-x86_64-fedora-clang, r-devel-linux-x86_64-fedora-gcc, r-devel-windows-x86_64, r-patched-linux-x86_64, r-release-linux-x86_64, r-release-macos-arm64, r-release-macos-x86_64, r-release-windows-x86_64, r-oldrel-macos-arm64, r-oldrel-macos-x86_64, r-oldrel-windows-x86_64