CRAN Package Check Results for Package chunkhooks

Last updated on 2025-01-15 22:50:55 CET.

Flavor Version Tinstall Tcheck Ttotal Status Flags
r-devel-linux-x86_64-debian-clang 0.0.1 1.61 25.69 27.30 OK
r-devel-linux-x86_64-debian-gcc 0.0.1 1.12 20.76 21.88 OK
r-devel-linux-x86_64-fedora-clang 0.0.1 47.59 OK
r-devel-linux-x86_64-fedora-gcc 0.0.1 58.96 OK
r-devel-windows-x86_64 0.0.1 4.00 51.00 55.00 OK
r-patched-linux-x86_64 0.0.1 1.47 24.39 25.86 NOTE
r-release-linux-x86_64 0.0.1 1.60 24.54 26.14 NOTE
r-release-macos-arm64 0.0.1 27.00 NOTE
r-release-macos-x86_64 0.0.1 37.00 NOTE
r-release-windows-x86_64 0.0.1 3.00 49.00 52.00 NOTE
r-oldrel-macos-arm64 0.0.1 27.00 NOTE
r-oldrel-macos-x86_64 0.0.1 36.00 NOTE
r-oldrel-windows-x86_64 0.0.1 3.00 47.00 50.00 NOTE

Check Details

Version: 0.0.1
Check: LazyData
Result: NOTE 'LazyData' is specified without a 'data' directory Flavors: r-patched-linux-x86_64, r-release-linux-x86_64, r-release-macos-arm64, r-release-macos-x86_64, r-release-windows-x86_64, r-oldrel-macos-arm64, r-oldrel-macos-x86_64, r-oldrel-windows-x86_64