CRAN Package Check Results for Package chunkhooks

Last updated on 2022-06-28 03:51:28 CEST.

Flavor Version Tinstall Tcheck Ttotal Status Flags
r-devel-linux-x86_64-debian-clang 0.0.1 2.18 28.28 30.46 NOTE
r-devel-linux-x86_64-debian-gcc 0.0.1 1.19 22.04 23.23 NOTE
r-devel-linux-x86_64-fedora-clang 0.0.1 47.46 NOTE
r-devel-linux-x86_64-fedora-gcc 0.0.1 45.90 NOTE
r-devel-windows-x86_64 0.0.1 16.00 66.00 82.00 NOTE
r-patched-linux-x86_64 0.0.1 1.40 27.26 28.66 NOTE
r-release-linux-x86_64 0.0.1 1.82 27.63 29.45 NOTE
r-release-macos-arm64 0.0.1 20.00 NOTE
r-release-macos-x86_64 0.0.1 24.00 NOTE
r-release-windows-x86_64 0.0.1 22.00 61.00 83.00 NOTE
r-oldrel-macos-arm64 0.0.1 21.00 NOTE
r-oldrel-macos-x86_64 0.0.1 31.00 NOTE
r-oldrel-windows-ix86+x86_64 0.0.1 5.00 49.00 54.00 NOTE

Check Details

Version: 0.0.1
Check: LazyData
Result: NOTE
     'LazyData' is specified without a 'data' directory
Flavors: r-devel-linux-x86_64-debian-clang, r-devel-linux-x86_64-debian-gcc, r-devel-linux-x86_64-fedora-clang, r-devel-linux-x86_64-fedora-gcc, r-devel-windows-x86_64, r-patched-linux-x86_64, r-release-linux-x86_64, r-release-macos-arm64, r-release-macos-x86_64, r-release-windows-x86_64, r-oldrel-macos-arm64, r-oldrel-macos-x86_64, r-oldrel-windows-ix86+x86_64