CRAN Package Check Results for Package chronochrt

Last updated on 2021-10-18 21:54:54 CEST.

Flavor Version Tinstall Tcheck Ttotal Status Flags
r-devel-linux-x86_64-debian-clang 0.1.0 6.45 79.72 86.17 OK
r-devel-linux-x86_64-debian-gcc 0.1.0 4.52 57.43 61.95 OK
r-devel-linux-x86_64-fedora-clang 0.1.0 111.51 NOTE
r-devel-linux-x86_64-fedora-gcc 0.1.0 97.14 NOTE
r-devel-windows-x86_64 0.1.0 10.00 105.00 115.00 OK
r-devel-windows-x86_64-gcc10-UCRT 0.1.0 NOTE
r-patched-linux-x86_64 0.1.0 3.61 74.90 78.51 OK
r-patched-solaris-x86 0.1.0 136.20 NOTE
r-release-linux-x86_64 0.1.0 5.22 74.88 80.10 OK
r-release-macos-arm64 0.1.0 NOTE
r-release-macos-x86_64 0.1.0 NOTE
r-release-windows-ix86+x86_64 0.1.0 14.00 102.00 116.00 OK
r-oldrel-macos-x86_64 0.1.0 NOTE
r-oldrel-windows-ix86+x86_64 0.1.0 13.00 109.00 122.00 OK

Check Details

Version: 0.1.0
Check: dependencies in R code
Result: NOTE
    Namespaces in Imports field not imported from:
     ‘dplyr’ ‘magick’ ‘tidyr’
     All declared Imports should be used.
Flavors: r-devel-linux-x86_64-fedora-clang, r-devel-linux-x86_64-fedora-gcc, r-devel-windows-x86_64-gcc10-UCRT, r-patched-solaris-x86, r-release-macos-arm64, r-release-macos-x86_64, r-oldrel-macos-x86_64