CRAN Package Check Results for Package chromseq

Last updated on 2024-03-01 20:52:44 CET.

Flavor Version Tinstall Tcheck Ttotal Status Flags
r-devel-linux-x86_64-debian-clang 0.1.3 2.32 22.28 24.60 OK
r-devel-linux-x86_64-debian-gcc 0.1.3 1.86 17.45 19.31 OK
r-devel-linux-x86_64-fedora-clang 0.1.3 30.21 NOTE
r-devel-linux-x86_64-fedora-gcc 0.1.3 29.31 NOTE
r-devel-windows-x86_64 0.1.3 5.00 40.00 45.00 OK
r-patched-linux-x86_64 0.1.3 2.19 22.09 24.28 OK
r-release-linux-x86_64 0.1.3 2.35 22.05 24.40 OK
r-release-macos-arm64 0.1.3 13.00 OK
r-release-macos-x86_64 0.1.3 19.00 OK
r-release-windows-x86_64 0.1.3 3.00 39.00 42.00 OK
r-oldrel-macos-arm64 0.1.3 14.00 OK
r-oldrel-windows-x86_64 0.1.3 5.00 46.00 51.00 OK

Check Details

Version: 0.1.3
Check: dependencies in R code
Result: NOTE Namespace in Imports field not imported from: ‘base’ All declared Imports should be used. Flavors: r-devel-linux-x86_64-fedora-clang, r-devel-linux-x86_64-fedora-gcc