Last updated on 2022-06-25 07:03:09 CEST.
Flavor | Version | Tinstall | Tcheck | Ttotal | Status | Flags |
---|---|---|---|---|---|---|
r-devel-linux-x86_64-debian-clang | 3.7.0 | 28.52 | 180.17 | 208.69 | OK | |
r-devel-linux-x86_64-debian-gcc | 3.7.0 | 21.80 | 134.37 | 156.17 | OK | |
r-devel-linux-x86_64-fedora-clang | 3.7.0 | 254.84 | NOTE | |||
r-devel-linux-x86_64-fedora-gcc | 3.7.0 | 252.08 | NOTE | |||
r-devel-windows-x86_64 | 3.7.0 | 100.00 | 234.00 | 334.00 | OK | |
r-patched-linux-x86_64 | 3.7.0 | 21.64 | 172.73 | 194.37 | OK | |
r-release-linux-x86_64 | 3.7.0 | 17.59 | 173.71 | 191.30 | OK | |
r-release-macos-arm64 | 3.7.0 | 66.00 | NOTE | |||
r-release-macos-x86_64 | 3.7.0 | 119.00 | NOTE | |||
r-release-windows-x86_64 | 3.7.0 | 80.00 | 217.00 | 297.00 | OK | |
r-oldrel-macos-arm64 | 3.7.0 | 80.00 | NOTE | |||
r-oldrel-macos-x86_64 | 3.7.0 | 144.00 | NOTE | |||
r-oldrel-windows-ix86+x86_64 | 3.7.0 | 72.00 | 241.00 | 313.00 | OK |
Version: 3.7.0
Check: data for non-ASCII characters
Result: NOTE
Note: found 10 marked UTF-8 strings
Flavors: r-devel-linux-x86_64-fedora-clang, r-devel-linux-x86_64-fedora-gcc, r-release-macos-arm64, r-release-macos-x86_64, r-oldrel-macos-arm64, r-oldrel-macos-x86_64