CRAN Package Check Results for Package cholera

Last updated on 2019-03-20 22:47:44 CET.

Flavor Version Tinstall Tcheck Ttotal Status Flags
r-devel-linux-x86_64-debian-clang 0.6.0 13.09 358.55 371.64 OK
r-devel-linux-x86_64-debian-gcc 0.6.0 11.41 260.40 271.81 OK
r-devel-linux-x86_64-fedora-clang 0.6.0 420.20 OK
r-devel-linux-x86_64-fedora-gcc 0.6.0 396.07 OK
r-devel-windows-ix86+x86_64 0.6.0 31.00 422.00 453.00 OK
r-patched-linux-x86_64 0.6.0 13.62 371.70 385.32 OK
r-patched-solaris-x86 0.6.0 620.60 NOTE
r-release-linux-x86_64 0.6.0 12.37 368.38 380.75 OK
r-release-windows-ix86+x86_64 0.6.0 19.00 462.00 481.00 OK
r-release-osx-x86_64 0.6.0 OK
r-oldrel-windows-ix86+x86_64 0.6.0 21.00 495.00 516.00 OK
r-oldrel-osx-x86_64 0.6.0 OK

Check Details

Version: 0.6.0
Check: installed package size
Result: NOTE
     installed size is 5.9Mb
     sub-directories of 1Mb or more:
     doc 2.8Mb
     help 1.8Mb
Flavor: r-patched-solaris-x86