CRAN Package Check Results for Package cholera

Last updated on 2019-05-22 21:50:56 CEST.

Flavor Version Tinstall Tcheck Ttotal Status Flags
r-devel-linux-x86_64-debian-clang 0.6.0 13.74 353.12 366.86 OK
r-devel-linux-x86_64-debian-gcc 0.6.0 11.86 261.34 273.20 OK
r-devel-linux-x86_64-fedora-clang 0.6.0 399.79 OK
r-devel-linux-x86_64-fedora-gcc 0.6.0 395.80 OK
r-devel-windows-ix86+x86_64 0.6.0 24.00 371.00 395.00 OK
r-patched-linux-x86_64 0.6.0 13.44 344.52 357.96 OK
r-patched-solaris-x86 0.6.0 553.20 NOTE
r-release-linux-x86_64 0.6.0 12.02 344.95 356.97 OK
r-release-windows-ix86+x86_64 0.6.0 36.00 443.00 479.00 OK
r-release-osx-x86_64 0.6.0 OK
r-oldrel-windows-ix86+x86_64 0.6.0 20.00 356.00 376.00 OK
r-oldrel-osx-x86_64 0.6.0 OK

Check Details

Version: 0.6.0
Check: installed package size
Result: NOTE
     installed size is 5.9Mb
     sub-directories of 1Mb or more:
     doc 2.8Mb
     help 1.8Mb
Flavor: r-patched-solaris-x86