CRAN Package Check Results for Package chisq.posthoc.test

Last updated on 2023-01-30 23:56:13 CET.

Flavor Version Tinstall Tcheck Ttotal Status Flags
r-devel-linux-x86_64-debian-clang 0.1.2 1.62 22.80 24.42 NOTE
r-devel-linux-x86_64-debian-gcc 0.1.2 1.55 17.87 19.42 NOTE
r-devel-linux-x86_64-fedora-clang 0.1.2 33.74 NOTE
r-devel-linux-x86_64-fedora-gcc 0.1.2 43.70 NOTE
r-devel-windows-x86_64 0.1.2 33.00 54.00 87.00 NOTE
r-patched-linux-x86_64 0.1.2 1.91 23.05 24.96 NOTE
r-release-linux-x86_64 0.1.2 1.89 25.11 27.00 NOTE
r-release-macos-arm64 0.1.2 16.00 NOTE
r-release-macos-x86_64 0.1.2 23.00 NOTE
r-release-windows-x86_64 0.1.2 49.00 63.00 112.00 NOTE
r-oldrel-macos-arm64 0.1.2 22.00 NOTE
r-oldrel-macos-x86_64 0.1.2 28.00 NOTE
r-oldrel-windows-ix86+x86_64 0.1.2 6.00 48.00 54.00 NOTE

Check Details

Version: 0.1.2
Check: LazyData
Result: NOTE
     'LazyData' is specified without a 'data' directory
Flavors: r-devel-linux-x86_64-debian-clang, r-devel-linux-x86_64-debian-gcc, r-devel-linux-x86_64-fedora-clang, r-devel-linux-x86_64-fedora-gcc, r-devel-windows-x86_64, r-patched-linux-x86_64, r-release-linux-x86_64, r-release-macos-arm64, r-release-macos-x86_64, r-release-windows-x86_64, r-oldrel-macos-arm64, r-oldrel-macos-x86_64, r-oldrel-windows-ix86+x86_64