CRAN Package Check Results for Package checkmate

Last updated on 2019-03-27 00:47:48 CET.

Flavor Version Tinstall Tcheck Ttotal Status Flags
r-devel-linux-x86_64-debian-clang 1.9.1 8.61 60.95 69.56 WARN
r-devel-linux-x86_64-debian-gcc 1.9.1 7.23 47.70 54.93 OK
r-devel-linux-x86_64-fedora-clang 1.9.1 85.15 OK
r-devel-linux-x86_64-fedora-gcc 1.9.1 79.24 OK
r-devel-windows-ix86+x86_64 1.9.1 37.00 90.00 127.00 OK
r-patched-linux-x86_64 1.9.1 8.33 56.61 64.94 OK
r-patched-solaris-x86 1.9.1 100.20 OK
r-release-linux-x86_64 1.9.1 7.76 57.44 65.20 OK
r-release-windows-ix86+x86_64 1.9.1 44.00 86.00 130.00 OK
r-release-osx-x86_64 1.9.1 OK
r-oldrel-windows-ix86+x86_64 1.9.1 29.00 96.00 125.00 OK
r-oldrel-osx-x86_64 1.9.1 OK

Check Details

Version: 1.9.1
Check: whether package can be installed
Result: WARN
    Found the following significant warnings:
     Warning: unable to re-encode 'qassert.R' line 76
Flavor: r-devel-linux-x86_64-debian-clang