CRAN Package Check Results for Package cheb

Last updated on 2020-04-01 11:48:46 CEST.

Flavor Version Tinstall Tcheck Ttotal Status Flags
r-devel-linux-x86_64-debian-clang 0.3 2.53 16.92 19.45 NOTE
r-devel-linux-x86_64-debian-gcc 0.3 1.90 13.59 15.49 NOTE
r-devel-linux-x86_64-fedora-clang 0.3 24.42 NOTE
r-devel-linux-x86_64-fedora-gcc 0.3 23.85 NOTE
r-devel-windows-ix86+x86_64 0.3 8.00 50.00 58.00 NOTE
r-devel-windows-ix86+x86_64-gcc8 0.3 8.00 36.00 44.00 NOTE
r-patched-linux-x86_64 0.3 2.22 16.66 18.88 NOTE
r-patched-solaris-x86 0.3 40.50 NOTE
r-release-linux-x86_64 0.3 1.67 15.68 17.35 NOTE
r-release-windows-ix86+x86_64 0.3 7.00 48.00 55.00 NOTE
r-release-osx-x86_64 0.3 NOTE
r-oldrel-windows-ix86+x86_64 0.3 5.00 30.00 35.00 NOTE
r-oldrel-osx-x86_64 0.3 NOTE

Check Details

Version: 0.3
Check: DESCRIPTION meta-information
Result: NOTE
    Malformed Description field: should contain one or more complete sentences.
Flavors: r-devel-linux-x86_64-debian-clang, r-devel-linux-x86_64-debian-gcc, r-devel-linux-x86_64-fedora-clang, r-devel-linux-x86_64-fedora-gcc, r-devel-windows-ix86+x86_64, r-devel-windows-ix86+x86_64-gcc8, r-patched-linux-x86_64, r-patched-solaris-x86, r-release-linux-x86_64, r-release-windows-ix86+x86_64, r-release-osx-x86_64, r-oldrel-windows-ix86+x86_64, r-oldrel-osx-x86_64

Version: 0.3
Check: Rd line widths
Result: NOTE
    Rd file 'chebR.Rd':
     \examples lines wider than 100 characters:
     return(list(coefs=rlist$xx[1:n],resids=rlist$bb[1:m],rank=rlist$rank,iter=rlist$iter,ocode=rlist$ocode))
    
    These lines will be truncated in the PDF manual.
Flavors: r-devel-linux-x86_64-debian-clang, r-devel-linux-x86_64-debian-gcc, r-devel-linux-x86_64-fedora-clang, r-devel-linux-x86_64-fedora-gcc, r-patched-linux-x86_64, r-release-linux-x86_64

Version: 0.3
Check: compiled code
Result: NOTE
    File ‘cheb/libs/cheb.so’:
     Found no calls to: ‘R_registerRoutines’, ‘R_useDynamicSymbols’
    
    It is good practice to register native routines and to disable symbol
    search.
    
    See ‘Writing portable packages’ in the ‘Writing R Extensions’ manual.
Flavors: r-devel-linux-x86_64-fedora-clang, r-devel-linux-x86_64-fedora-gcc