CRAN Package Check Results for Package cheatsheet

Last updated on 2021-09-17 19:52:00 CEST.

Flavor Version Tinstall Tcheck Ttotal Status Flags
r-devel-linux-x86_64-debian-clang 0.1.0 2.35 227.04 229.39 OK
r-devel-linux-x86_64-debian-gcc 0.1.0 1.84 177.62 179.46 OK
r-devel-linux-x86_64-fedora-clang 0.1.0 191.45 NOTE
r-devel-linux-x86_64-fedora-gcc 0.1.0 175.58 NOTE
r-devel-windows-x86_64 0.1.0 4.00 372.00 376.00 OK
r-devel-windows-x86_64-gcc10-UCRT 0.1.0 NOTE
r-patched-linux-x86_64 0.1.0 2.26 226.39 228.65 OK
r-patched-solaris-x86 0.1.0 53.10 ERROR
r-release-linux-x86_64 0.1.0 2.17 223.61 225.78 OK
r-release-macos-arm64 0.1.0 NOTE
r-release-macos-x86_64 0.1.0 NOTE
r-release-windows-ix86+x86_64 0.1.0 6.00 276.00 282.00 OK
r-oldrel-macos-x86_64 0.1.0 NOTE
r-oldrel-windows-ix86+x86_64 0.1.0 6.00 325.00 331.00 OK

Check Details

Version: 0.1.0
Check: dependencies in R code
Result: NOTE
    Namespaces in Imports field not imported from:
     ‘rappdirs’ ‘stringr’
     All declared Imports should be used.
Flavors: r-devel-linux-x86_64-fedora-clang, r-devel-linux-x86_64-fedora-gcc, r-devel-windows-x86_64-gcc10-UCRT, r-patched-solaris-x86, r-release-macos-arm64, r-release-macos-x86_64, r-oldrel-macos-x86_64

Version: 0.1.0
Check: tests
Result: ERROR
     Running ‘testthat.R’ [3s/28s]
    Running the tests in ‘tests/testthat.R’ failed.
    Complete output:
     > library(testthat)
     > library(cheatsheet)
     ══ Welcome to {cheatsheet}! ════════════════════════════════════════════════════
     Download handy R cheat sheets to your local machine! Enter <?get_all_cheatsheets> to learn more.
     Or visit the homepage at https://bradlindblad.github.io/cheatsheet/
     >
     > test_check("cheatsheet")
     ══ Failed tests ════════════════════════════════════════════════════════════════
     ── Failure (test-get_all_cheatsheets.R:3:3): get_all_cheatsheets ───────────────
     `get_all_cheatsheets()` threw an error.
     Message: Error in 'git2r_clone': the SSL certificate is invalid
    
     Class: simpleError/error/condition
     Backtrace:
     █
     1. ├─testthat::expect_error(get_all_cheatsheets(), NA) test-get_all_cheatsheets.R:3:2
     2. │ └─testthat:::quasi_capture(...)
     3. │ ├─testthat:::.capture(...)
     4. │ │ └─base::withCallingHandlers(...)
     5. │ └─rlang::eval_bare(quo_get_expr(.quo), quo_get_env(.quo))
     6. └─cheatsheet::get_all_cheatsheets()
     7. └─cheatsheet:::clone_cheats_to_cache(TEMP_PATH)
     8. ├─base::suppressMessages(...)
     9. │ └─base::withCallingHandlers(...)
     10. └─git2r::clone(...)
     ── Failure (test-get_all_cheatsheets.R:12:3): get_all_cheatsheets_tidy ─────────
     `get_all_cheatsheets(tidyverse_only = TRUE)` threw an error.
     Message: Error in 'git2r_clone': the SSL certificate is invalid
    
     Class: simpleError/error/condition
     Backtrace:
     █
     1. ├─testthat::expect_error(...) test-get_all_cheatsheets.R:12:2
     2. │ └─testthat:::quasi_capture(...)
     3. │ ├─testthat:::.capture(...)
     4. │ │ └─base::withCallingHandlers(...)
     5. │ └─rlang::eval_bare(quo_get_expr(.quo), quo_get_env(.quo))
     6. └─cheatsheet::get_all_cheatsheets(tidyverse_only = TRUE)
     7. └─cheatsheet:::clone_cheats_to_cache(TEMP_PATH)
     8. ├─base::suppressMessages(...)
     9. │ └─base::withCallingHandlers(...)
     10. └─git2r::clone(...)
     ── Failure (test-get_translation.R:3:3): get_translation ───────────────────────
     `get_translation(local_path = ".", language = "german")` threw an error.
     Message: Error in 'git2r_clone': the SSL certificate is invalid
    
     Class: simpleError/error/condition
     Backtrace:
     █
     1. ├─testthat::expect_error(...) test-get_translation.R:3:2
     2. │ └─testthat:::quasi_capture(...)
     3. │ ├─testthat:::.capture(...)
     4. │ │ └─base::withCallingHandlers(...)
     5. │ └─rlang::eval_bare(quo_get_expr(.quo), quo_get_env(.quo))
     6. └─cheatsheet::get_translation(local_path = ".", language = "german")
     7. └─cheatsheet:::clone_cheats_to_cache(TEMP_PATH)
     8. ├─base::suppressMessages(...)
     9. │ └─base::withCallingHandlers(...)
     10. └─git2r::clone(...)
    
     [ FAIL 3 | WARN 0 | SKIP 0 | PASS 1 ]
     Error: Test failures
     Execution halted
Flavor: r-patched-solaris-x86