CRAN Package Check Results for Package charlatan

Last updated on 2019-07-15 22:54:55 CEST.

Flavor Version Tinstall Tcheck Ttotal Status Flags
r-devel-linux-x86_64-debian-clang 0.3.0 21.05 74.48 95.53 OK
r-devel-linux-x86_64-debian-gcc 0.3.0 14.87 57.79 72.66 OK
r-devel-linux-x86_64-fedora-clang 0.3.0 116.62 OK
r-devel-linux-x86_64-fedora-gcc 0.3.0 126.26 OK
r-devel-windows-ix86+x86_64 0.3.0 42.00 121.00 163.00 OK
r-patched-linux-x86_64 0.3.0 20.37 72.30 92.67 OK
r-patched-solaris-x86 0.3.0 153.30 NOTE
r-release-linux-x86_64 0.3.0 18.77 73.12 91.89 OK
r-release-windows-ix86+x86_64 0.3.0 28.00 120.00 148.00 OK
r-release-osx-x86_64 0.3.0 OK
r-oldrel-windows-ix86+x86_64 0.3.0 34.00 78.00 112.00 OK
r-oldrel-osx-x86_64 0.3.0 OK

Check Details

Version: 0.3.0
Check: package dependencies
Result: NOTE
    Package suggested but not available for checking: ‘iptools’
Flavor: r-patched-solaris-x86