CRAN Package Check Results for Package charlatan

Last updated on 2019-04-25 00:47:20 CEST.

Flavor Version Tinstall Tcheck Ttotal Status Flags
r-devel-linux-x86_64-debian-clang 0.3.0 18.56 74.90 93.46 OK
r-devel-linux-x86_64-debian-gcc 0.3.0 16.63 56.23 72.86 OK
r-devel-linux-x86_64-fedora-clang 0.3.0 117.00 OK
r-devel-linux-x86_64-fedora-gcc 0.3.0 105.87 OK
r-devel-windows-ix86+x86_64 0.3.0 40.00 82.00 122.00 OK
r-patched-linux-x86_64 0.3.0 20.95 72.54 93.49 OK
r-patched-solaris-x86 0.3.0 151.30 NOTE
r-release-linux-x86_64 0.3.0 16.09 73.06 89.15 OK
r-release-windows-ix86+x86_64 0.3.0 24.00 113.00 137.00 OK
r-release-osx-x86_64 0.3.0 OK
r-oldrel-windows-ix86+x86_64 0.3.0 6.00 82.00 88.00 OK
r-oldrel-osx-x86_64 0.3.0 OK

Check Details

Version: 0.3.0
Check: package dependencies
Result: NOTE
    Package suggested but not available for checking: ‘iptools’
Flavor: r-patched-solaris-x86