CRAN Package Check Results for Package chantrics

Last updated on 2022-06-28 12:52:20 CEST.

Flavor Version Tinstall Tcheck Ttotal Status Flags
r-devel-linux-x86_64-debian-clang 1.0.0 2.45 128.05 130.50 OK
r-devel-linux-x86_64-debian-gcc 1.0.0 1.98 96.58 98.56 OK
r-devel-linux-x86_64-fedora-clang 1.0.0 161.03 NOTE
r-devel-linux-x86_64-fedora-gcc 1.0.0 163.02 NOTE
r-devel-windows-x86_64 1.0.0 24.00 166.00 190.00 OK
r-patched-linux-x86_64 1.0.0 2.77 121.37 124.14 OK
r-release-linux-x86_64 1.0.0 2.38 121.43 123.81 OK
r-release-macos-arm64 1.0.0 45.00 NOTE
r-release-macos-x86_64 1.0.0 78.00 NOTE
r-release-windows-x86_64 1.0.0 23.00 163.00 186.00 OK
r-oldrel-macos-arm64 1.0.0 50.00 NOTE
r-oldrel-macos-x86_64 1.0.0 68.00 NOTE
r-oldrel-windows-ix86+x86_64 1.0.0 11.00 150.00 161.00 OK

Check Details

Version: 1.0.0
Check: dependencies in R code
Result: NOTE
    Namespaces in Imports field not imported from:
     ‘AER’ ‘graphics’ ‘lmtest’
     All declared Imports should be used.
Flavors: r-devel-linux-x86_64-fedora-clang, r-devel-linux-x86_64-fedora-gcc, r-release-macos-arm64, r-release-macos-x86_64, r-oldrel-macos-arm64, r-oldrel-macos-x86_64